{"id":2938,"date":"2017-06-21T02:40:30","date_gmt":"2017-06-20T23:40:30","guid":{"rendered":"https:\/\/sifavi.com.tr\/?post_type=product&#038;p=2938"},"modified":"2026-04-06T17:31:44","modified_gmt":"2026-04-06T14:31:44","slug":"aklost","status":"publish","type":"product","link":"https:\/\/sifaistanbul.com\/?product=aklost","title":{"rendered":"<center>AKLOST<center>(Kar\u0131\u015f\u0131k bitki \u00e7ay\u0131)<center><center>"},"content":{"rendered":"<p>Kolestrol, v\u00fccuttaki her h\u00fccrede bulunur ve sa\u011fl\u0131kl\u0131 h\u00fccrelerin devaml\u0131 olarak \u00fcretilmesi, baz\u0131 hormonlar ile D vitamininin olu\u015fturulmas\u0131nda kolestrole ihtiya\u00e7 duyulur. V\u00fccut taraf\u0131ndan \u00fcretilen kolestrol, ayr\u0131ca hayvansal g\u0131dalardan da al\u0131nmaktad\u0131r. G\u00f6r\u00fcnt\u00fcs\u00fc ile yap\u0131s\u0131 mumsu ve ya\u011f gibi oldu\u011fu i\u00e7in su bazl\u0131 kanda \u00e7\u00f6z\u00fcnmez ve dolay\u0131s\u0131yla tek ba\u015f\u0131na v\u00fccuda da\u011f\u0131t\u0131lamaz.\u00a0 Bundan dolay\u0131 kolestrol par\u00e7ac\u0131klar\u0131, kandaki\u00a0 g\u00f6vdelerinin etraf\u0131nda karaci\u011fer taraf\u0131ndan \u00fcretilen iki tip lipoproteinler taraf\u0131ndan ta\u015f\u0131n\u0131rlar. Bunlardan biri \u201ck\u00f6t\u00fc kolestrol\u201d olarak adland\u0131r\u0131lan d\u00fc\u015f\u00fck yo\u011funluklu (LDL), di\u011feri de \u201ciyi kolestrol\u201d denilen y\u00fcksek yo\u011funluklu (HDL) lipoproteinlerdir. V\u00fccut \u00fcretiminin yan\u0131 s\u0131ra hayvansal (et, peynir, yumurta, ya\u011f vb.) g\u0131dalardan da al\u0131nan k\u00f6t\u00fc kolestrol\u00fcn g\u00f6revi, kolestrol\u00fc ve v\u00fccudun enerji i\u00e7in kulland\u0131\u011f\u0131 ya\u011f t\u00fcr\u00fc\u00a0 trigliseritleri atardamarlar vas\u0131tas\u0131yla dokulara ta\u015f\u0131makt\u0131r. Sadece vucudun \u00fcretti\u011fi iyi kolestrol ise, dokulardaki kolestrol\u00fc toplayarak v\u00fccuttan at\u0131lmas\u0131 i\u00e7in karaci\u011fere d\u00f6nmesine yard\u0131mc\u0131 olur.<\/p>\n<p class=\"western\">Kanda k\u00f6t\u00fc kolesterol\u00fcn y\u00fcksek olmas\u0131, yava\u015f yava\u015f damar duvar\u0131nda birikmeye, kalp damar hastal\u0131klar\u0131na, kalp krizi, damar t\u0131kanmas\u0131, fel\u00e7 ve b\u00f6brek yetmezli\u011fine sebep olur. \u00dcr\u00fcn\u00fcm\u00fcz, k\u00f6t\u00fc kolesterol (LDL) ve trigliserid y\u00fcksekli\u011fini d\u00fc\u015f\u00fcrmek \u00fczere \u00fcretilmi\u015ftir. Son derece etkili olup k\u0131sa s\u00fcreli kullan\u0131mda rahats\u0131zl\u0131klar\u0131n azalmas\u0131na; iki ay ve daha uzun s\u00fcreli kullan\u0131mda ise tam olarak iyile\u015fmesine yard\u0131mc\u0131 olur.<\/p>\n<p>&nbsp;<\/p>\n<p>&nbsp;<\/p>\n<p>&nbsp;<\/p>\n<p>&nbsp;<\/p>\n","protected":false},"excerpt":{"rendered":"<p><strong>\u0130\u00e7indekiler:<\/strong> Enginar,Karahindiba, Havl\u0131can, G\u00fcnl\u00fck, Ada\u00e7ay\u0131, \u015eahtere, Maydanoz, Fesle\u011fen, Kekik, Devedikeni Tohumu, Lavanta. Net 90 gr. \u00b1 2 gr.<\/p>\n<p><strong>Kullan\u0131m:<\/strong> Bir su barda\u011f\u0131 kaynar suya bir tatl\u0131 ka\u015f\u0131\u011f\u0131 kar\u0131\u015f\u0131m \u00e7ay ekleyip 20 dk. demlendikten sonra s\u00fcz\u00fcp i\u00e7iniz. Midesinde rahats\u0131zl\u0131k olmayanlar\u0131n sabah, ak\u015fam yemeklerden 30 dk. \u00f6nce; midesinde rahats\u0131zl\u0131k olanlar\u0131n ise, yemeklerden 2 saat sonra i\u00e7meleri tavsiye edilir. \u0130ste\u011fe g\u00f6re \u00a0bal, pekmez, \u015feker \u00a0ile tatland\u0131r\u0131labilir.<\/p>\n<p><strong>Saklama ko\u015fullar\u0131 ve uyar\u0131lar:<\/strong> Hamile ve emziren bayanlar\u0131n kullanmas\u0131 tavsiye edilmez. Tavsiye edilen g\u00fcnl\u00fck dozu a\u015fmay\u0131n\u0131z. \u00c7ocuklar\u0131n ula\u015famayaca\u011f\u0131 yerde saklay\u0131n\u0131z. Serin ve kuru yerde muhafaza ediniz. Emniyet band\u0131 \u00a0y\u0131rt\u0131lm\u0131\u015f \u00fcr\u00fcnleri sat\u0131n almay\u0131n\u0131z.\u015e\u0130FAV\u0130<\/p>\n<p><strong>S\u0130PAR\u0130\u015e\u0130N\u0130ZLE \u0130LG\u0130L\u0130 HER T\u00dcRL\u00dc SORULARINIZ \u0130\u00c7\u0130N;<\/strong><\/p>\n<p class=\"western\"><strong>M\u00dc\u015eTER\u0130 TEMS\u0130LC\u0130L\u0130\u011e\u0130\u00a0 0216 418 34 34<br \/>\n<\/strong><\/p>\n","protected":false},"featured_media":5972,"comment_status":"open","ping_status":"closed","template":"","meta":[],"product_brand":[],"product_cat":[145],"product_tag":[],"class_list":{"0":"post-2938","1":"product","2":"type-product","3":"status-publish","4":"has-post-thumbnail","6":"product_cat-genel","8":"first","9":"instock","10":"sale","11":"downloadable","12":"virtual","13":"purchasable","14":"product-type-simple"},"_links":{"self":[{"href":"https:\/\/sifaistanbul.com\/index.php?rest_route=\/wp\/v2\/product\/2938","targetHints":{"allow":["GET"]}}],"collection":[{"href":"https:\/\/sifaistanbul.com\/index.php?rest_route=\/wp\/v2\/product"}],"about":[{"href":"https:\/\/sifaistanbul.com\/index.php?rest_route=\/wp\/v2\/types\/product"}],"replies":[{"embeddable":true,"href":"https:\/\/sifaistanbul.com\/index.php?rest_route=%2Fwp%2Fv2%2Fcomments&post=2938"}],"wp:featuredmedia":[{"embeddable":true,"href":"https:\/\/sifaistanbul.com\/index.php?rest_route=\/wp\/v2\/media\/5972"}],"wp:attachment":[{"href":"https:\/\/sifaistanbul.com\/index.php?rest_route=%2Fwp%2Fv2%2Fmedia&parent=2938"}],"wp:term":[{"taxonomy":"product_brand","embeddable":true,"href":"https:\/\/sifaistanbul.com\/index.php?rest_route=%2Fwp%2Fv2%2Fproduct_brand&post=2938"},{"taxonomy":"product_cat","embeddable":true,"href":"https:\/\/sifaistanbul.com\/index.php?rest_route=%2Fwp%2Fv2%2Fproduct_cat&post=2938"},{"taxonomy":"product_tag","embeddable":true,"href":"https:\/\/sifaistanbul.com\/index.php?rest_route=%2Fwp%2Fv2%2Fproduct_tag&post=2938"}],"curies":[{"name":"wp","href":"https:\/\/api.w.org\/{rel}","templated":true}]}}