{"id":6270,"date":"2022-07-14T16:04:39","date_gmt":"2022-07-14T13:04:39","guid":{"rendered":"http:\/\/devaistanbul.com\/?post_type=product&#038;p=6270"},"modified":"2026-04-09T11:51:29","modified_gmt":"2026-04-09T08:51:29","slug":"beykans","status":"publish","type":"product","link":"https:\/\/sifaistanbul.com\/?product=beykans","title":{"rendered":"<center>BEYKANS<center>(Kar\u0131\u015f\u0131k bitki macunu)<center><center>"},"content":{"rendered":"<p>Beyin kanseri, beyin dokusu h\u00fccrelerinin mutasyon ge\u00e7irerek kontrols\u00fcz \u015fekilde \u00e7o\u011fal\u0131p b\u00fcy\u00fcmesi nedeniyle geli\u015fir. Bu kanserli h\u00fccreler do\u011frudan beyinde ba\u015flayabildi\u011fi gibi kanserli ba\u015fka b\u00f6lgelerden de metastaz (s\u0131\u00e7rama) yoluyla beyne yay\u0131labilir. Beyin kanserleri genellikle genetik k\u00f6kenlidir. Radyasyona maruz kalmak gibi d\u0131\u015f etkenler de beyin kanseri olma riskini artt\u0131r\u0131r. Belirtileri t\u00fcm\u00f6r\u00fcn b\u00fcy\u00fckl\u00fc\u011f\u00fcne ve konumuna g\u00f6re de\u011fi\u015fir. Ama genel olarak nedensiz, \u015fiddetli ve zamanla artan ba\u015f a\u011fr\u0131lar\u0131, g\u00f6rsel- i\u015fitsel sorunlar, denge kayb\u0131, bulant\u0131, kusma ve zihinsel sorunlar ya\u015fan\u0131r.<\/p>\n<p class=\"western\">BEYKANS beyin kanseri rahats\u0131zl\u0131\u011f\u0131n\u0131 gidermek \u00fczere \u00fcretilmi\u015ftir. K\u0131sa s\u00fcreli kullan\u0131mda \u015fikayetlerin azalmas\u0131na, iki ay ve daha uzun s\u00fcreli kullan\u0131mda ise tam olarak iyile\u015fmeye yard\u0131mc\u0131 olur.<\/p>\n<p>&nbsp;<\/p>\n<p>&nbsp;<\/p>\n<p>&nbsp;<\/p>\n","protected":false},"excerpt":{"rendered":"<p><strong>\u0130\u00e7indekiler:<\/strong> Fesle\u011fen, Zerde\u00e7al, Is\u0131rgan, Yav\u015fan, Kantaron, \u00c7\u00f6rekotu, Ke\u00e7iboynuzu Pekmezi. Net 360 gr. \u00b1 10 gr.<\/p>\n<div>\n<p><strong>Kullan\u0131m:<\/strong> Midesinde rahats\u0131zl\u0131k olmayanlar\u0131n sabah, ak\u015fam yemeklerden 30 dk \u00f6nce; midesinde rahats\u0131zl\u0131k olanlar\u0131n ise yemeklerden iki saat sonra bir \u00e7ay ka\u015f\u0131\u011f\u0131 macunu su ile yutmalar\u0131 tavsiye edilir.<\/p>\n<p>\u00dcr\u00fcn kullan\u0131l\u0131rken, g\u00fcn i\u00e7erisinde ayr\u0131ca turp ve soya yiyilirse daha \u00e7abuk sonu\u00e7 almak m\u00fcmk\u00fcn olur.<\/p>\n<p><strong>Saklama ko\u015fullar\u0131 ve uyar\u0131lar:<\/strong> Hamile ve emziren bayanlar\u0131n kullanmas\u0131 tavsiye edilmez. Tavsiye edilen g\u00fcnl\u00fck dozu a\u015fmay\u0131n\u0131z. \u00c7ocuklar\u0131n ula\u015famayaca\u011f\u0131 yerde saklay\u0131n\u0131z. Serin ve kuru yerde muhafaza ediniz. Emniyet band\u0131 \u00a0y\u0131rt\u0131lm\u0131\u015f \u00fcr\u00fcnleri sat\u0131n almay\u0131n\u0131z. \u015e\u0130FAV\u0130<\/p>\n<p><strong>S\u0130PAR\u0130\u015e\u0130N\u0130ZLE \u0130LG\u0130L\u0130 HER T\u00dcRL\u00dc SORULARINIZ \u0130\u00c7\u0130N;<\/strong><\/p>\n<p class=\"western\"><strong>M\u00dc\u015eTER\u0130 TEMS\u0130LC\u0130L\u0130\u011e\u0130\u00a0 0216 418 34 34<br \/>\n<\/strong><\/p>\n<\/div>\n","protected":false},"featured_media":5808,"comment_status":"open","ping_status":"closed","template":"","meta":[],"product_brand":[],"product_cat":[145],"product_tag":[],"class_list":{"0":"post-6270","1":"product","2":"type-product","3":"status-publish","4":"has-post-thumbnail","6":"product_cat-genel","8":"first","9":"instock","10":"sale","11":"downloadable","12":"virtual","13":"purchasable","14":"product-type-simple"},"_links":{"self":[{"href":"https:\/\/sifaistanbul.com\/index.php?rest_route=\/wp\/v2\/product\/6270","targetHints":{"allow":["GET"]}}],"collection":[{"href":"https:\/\/sifaistanbul.com\/index.php?rest_route=\/wp\/v2\/product"}],"about":[{"href":"https:\/\/sifaistanbul.com\/index.php?rest_route=\/wp\/v2\/types\/product"}],"replies":[{"embeddable":true,"href":"https:\/\/sifaistanbul.com\/index.php?rest_route=%2Fwp%2Fv2%2Fcomments&post=6270"}],"wp:featuredmedia":[{"embeddable":true,"href":"https:\/\/sifaistanbul.com\/index.php?rest_route=\/wp\/v2\/media\/5808"}],"wp:attachment":[{"href":"https:\/\/sifaistanbul.com\/index.php?rest_route=%2Fwp%2Fv2%2Fmedia&parent=6270"}],"wp:term":[{"taxonomy":"product_brand","embeddable":true,"href":"https:\/\/sifaistanbul.com\/index.php?rest_route=%2Fwp%2Fv2%2Fproduct_brand&post=6270"},{"taxonomy":"product_cat","embeddable":true,"href":"https:\/\/sifaistanbul.com\/index.php?rest_route=%2Fwp%2Fv2%2Fproduct_cat&post=6270"},{"taxonomy":"product_tag","embeddable":true,"href":"https:\/\/sifaistanbul.com\/index.php?rest_route=%2Fwp%2Fv2%2Fproduct_tag&post=6270"}],"curies":[{"name":"wp","href":"https:\/\/api.w.org\/{rel}","templated":true}]}}