{"id":6281,"date":"2022-07-14T16:54:33","date_gmt":"2022-07-14T13:54:33","guid":{"rendered":"http:\/\/devaistanbul.com\/?post_type=product&#038;p=6281"},"modified":"2026-04-09T13:10:58","modified_gmt":"2026-04-09T10:10:58","slug":"asuga","status":"publish","type":"product","link":"https:\/\/sifaistanbul.com\/?product=asuga","title":{"rendered":"<center>ASUGA<center>(Kar\u0131\u015f\u0131k bitki \u00e7ay\u0131)<center><center>"},"content":{"rendered":"<p>V\u00fccudumuzun enerji ihtiyac\u0131, yiyeceklerimizdeki temel besin \u00f6\u011feleri karbonhidrat, protein ve ya\u011flardan sa\u011flan\u0131r. Emilebilmek i\u00e7in en k\u00fc\u00e7\u00fck par\u00e7alar\u0131na ayr\u0131lan besin \u00f6\u011felerinin en \u00f6nemlisi \u201cglukoz\u201d ad\u0131 verilen basit \u015fekerlerdir. Glukoz ba\u015fta beyin olmak \u00fczere v\u00fccudun t\u00fcm organlar\u0131n\u0131n \u00f6nemli bir besin kayna\u011f\u0131d\u0131r. H\u00fccreler ihtiyac\u0131 olan glukozu, midenin arkas\u0131nda bulunan pankreas bezinin salg\u0131lad\u0131\u011f\u0131 ins\u00fclin hormonu yard\u0131m\u0131yla kullan\u0131r.<\/p>\n<p>\u015eeker hastal\u0131\u011f\u0131 (diyabet), pankreas\u0131n yeterli miktarda ins\u00fclin \u00fcretememesi ya da \u00fcretti\u011fi ins\u00fclinin etkili bir \u015fekilde kullan\u0131lamamas\u0131 durumunda geli\u015fen bir hastal\u0131kt\u0131r. \u0130ns\u00fclin, \u015fekerin h\u00fccre i\u00e7ine girmesini ve h\u00fccrede glikojen olarak depolanmas\u0131n\u0131 sa\u011flar. \u015eeker hastas\u0131, yedi\u011fi besinden kana ge\u00e7en \u015fekeri yani glukozu kullanamaz ve bu durumda kan \u015fekeri d\u00fczeyi y\u00fckselir (hiperglisemi). Bu durum uzun d\u00f6nemde bir\u00e7ok doku ve organda hasara yol a\u00e7ar.<\/p>\n<p>\u00dcr\u00fcn\u00fcm\u00fcz \u015feker, diabet rahats\u0131zl\u0131klar\u0131n\u0131 gidermek \u00fczere \u00fcretilmi\u015ftir. K\u0131sa s\u00fcrede etkisini g\u00f6stererek kan \u015fekeri d\u00fczeyinin d\u00fc\u015fmesini sa\u011flar, uzun s\u00fcreli kullan\u0131mda ileri derecedeki \u015feker hastalar\u0131n\u0131n tedavisine yard\u0131mc\u0131 olur.<\/p>\n","protected":false},"excerpt":{"rendered":"<p><strong>\u0130\u00e7indekiler:<\/strong> Is\u0131rgan, Fesle\u011fen, Maydanoz, Zeytin Yapra\u011f\u0131, Kekik, Tar\u00e7\u0131n, \u00a0Ac\u0131bakla, Defneyezit, Kantaron, M\u0131s\u0131r P\u00fcsk\u00fcl\u00fc, Ceviz Yapra\u011f\u0131, O\u011ful Otu. Net 90 gr. \u00b1 2 gr.<\/p>\n<p><strong>Kullan\u0131m:<\/strong> Bir su barda\u011f\u0131 kaynar suya bir tatl\u0131 ka\u015f\u0131\u011f\u0131 kar\u0131\u015f\u0131m \u00e7ay ekleyip 20 dk. demlendikten sonra s\u00fcz\u00fcp i\u00e7iniz. Midesinde rahats\u0131zl\u0131k olmayanlar\u0131n sabah, ak\u015fam yemeklerden 30 dk. \u00f6nce; midesinde rahats\u0131zl\u0131k olanlar\u0131n ise, yemeklerden 2 saat sonra i\u00e7meleri tavsiye edilir. \u0130ste\u011fe g\u00f6re \u00a0bal, pekmez ile tatland\u0131r\u0131labilir.<\/p>\n<p>\u00dcr\u00fcn kullan\u0131l\u0131rken, g\u00fcn i\u00e7erisinde ayr\u0131ca bir tabak kadar lahana, p\u0131rasa ve so\u011fan (m\u00fcmk\u00fcnse \u00e7i\u011f, olmazsa pi\u015fmi\u015f) t\u00fcketilirse daha \u00e7abuk sonu\u00e7 almak m\u00fcmk\u00fcn olur.<\/p>\n<p><strong>Saklama ko\u015fullar\u0131 ve uyar\u0131lar:<\/strong> Hamile ve emziren bayanlar\u0131n kullanmas\u0131 tavsiye edilmez. Tavsiye edilen g\u00fcnl\u00fck dozu a\u015fmay\u0131n\u0131z. \u00c7ocuklar\u0131n ula\u015famayaca\u011f\u0131 yerde saklay\u0131n\u0131z. Serin ve kuru yerde muhafaza ediniz. Emniyet band\u0131 \u00a0y\u0131rt\u0131lm\u0131\u015f \u00fcr\u00fcnleri sat\u0131n almay\u0131n. \u015e\u0130FAV\u0130<\/p>\n<p><strong>S\u0130PAR\u0130\u015e\u0130N\u0130ZLE \u0130LG\u0130L\u0130 HER T\u00dcRL\u00dc SORULARINIZ \u0130\u00c7\u0130N;<\/strong><\/p>\n<p><strong>M\u00dc\u015eTER\u0130 TEMS\u0130LC\u0130L\u0130\u011e\u0130\u00a0 0216 418 34 34<br \/>\n<\/strong><\/p>\n","protected":false},"featured_media":5752,"comment_status":"open","ping_status":"closed","template":"","meta":[],"product_brand":[],"product_cat":[145],"product_tag":[],"class_list":{"0":"post-6281","1":"product","2":"type-product","3":"status-publish","4":"has-post-thumbnail","6":"product_cat-genel","8":"first","9":"instock","10":"sale","11":"downloadable","12":"virtual","13":"purchasable","14":"product-type-simple"},"_links":{"self":[{"href":"https:\/\/sifaistanbul.com\/index.php?rest_route=\/wp\/v2\/product\/6281","targetHints":{"allow":["GET"]}}],"collection":[{"href":"https:\/\/sifaistanbul.com\/index.php?rest_route=\/wp\/v2\/product"}],"about":[{"href":"https:\/\/sifaistanbul.com\/index.php?rest_route=\/wp\/v2\/types\/product"}],"replies":[{"embeddable":true,"href":"https:\/\/sifaistanbul.com\/index.php?rest_route=%2Fwp%2Fv2%2Fcomments&post=6281"}],"wp:featuredmedia":[{"embeddable":true,"href":"https:\/\/sifaistanbul.com\/index.php?rest_route=\/wp\/v2\/media\/5752"}],"wp:attachment":[{"href":"https:\/\/sifaistanbul.com\/index.php?rest_route=%2Fwp%2Fv2%2Fmedia&parent=6281"}],"wp:term":[{"taxonomy":"product_brand","embeddable":true,"href":"https:\/\/sifaistanbul.com\/index.php?rest_route=%2Fwp%2Fv2%2Fproduct_brand&post=6281"},{"taxonomy":"product_cat","embeddable":true,"href":"https:\/\/sifaistanbul.com\/index.php?rest_route=%2Fwp%2Fv2%2Fproduct_cat&post=6281"},{"taxonomy":"product_tag","embeddable":true,"href":"https:\/\/sifaistanbul.com\/index.php?rest_route=%2Fwp%2Fv2%2Fproduct_tag&post=6281"}],"curies":[{"name":"wp","href":"https:\/\/api.w.org\/{rel}","templated":true}]}}