{"id":6292,"date":"2022-07-14T18:21:08","date_gmt":"2022-07-14T15:21:08","guid":{"rendered":"http:\/\/devaistanbul.com\/?post_type=product&#038;p=6292"},"modified":"2026-04-09T14:31:03","modified_gmt":"2026-04-09T11:31:03","slug":"akelo","status":"publish","type":"product","link":"https:\/\/sifaistanbul.com\/?product=akelo","title":{"rendered":"<center>AKELO<center>(Kar\u0131\u015f\u0131k bitki \u00e7ay\u0131)<center><center>"},"content":{"rendered":"<p>Keloid derinin b\u00fct\u00fcnl\u00fc\u011f\u00fcn\u00fc bozan bir yaralanma sonras\u0131 yara iyile\u015fme s\u00fcrecinin anormal devam etmesi durumudur. Ciltdeki yaralanmalardan sonra deride tamir s\u00fcreci ba\u015flar. Ancak bu tamir s\u00fcreci yara iyile\u015fmesine ra\u011fmen devam etti\u011finde keloid olu\u015fur. Keloid; olu\u015fan yaran\u0131n iyile\u015fme s\u00fcresinde, baz\u0131 nedenlerden dolay\u0131, fazla cilt dokusu olu\u015fmas\u0131n\u0131n sonucudur. Bu nedenlerin ba\u015f\u0131nda da cildimizde bulunan kolajen isimli proteinin a\u015f\u0131r\u0131 miktarda \u00fcretimidir. Ancak a\u015f\u0131r\u0131 kolajen \u00fcretimine sebep olan mekanizma hen\u00fcz anla\u015f\u0131lamam\u0131\u015ft\u0131r.<\/p>\n<p>Cildimiz incindi\u011fi zaman yara olu\u015fur. Yara iyile\u015firken bazen cildimizde iz b\u0131rak\u0131r. Bazen de yaran\u0131n \u00fczerinde olu\u015fan tamir dokusu yaray\u0131 iyile\u015ftirirken, yaran\u0131n s\u0131n\u0131rlar\u0131n\u0131 a\u015farak cildimizin \u00fczerinde gere\u011finden fazla cilt dokusu olu\u015fturur. \u0130\u015fte ihtiya\u00e7 olan ger\u00e7ek boyutundan b\u00fcy\u00fck bir \u015fekilde olu\u015fan cilt tamir dokusuna keloid denir. Keloidin cilt dokusundan daha kabar\u0131k bir g\u00f6r\u00fcnt\u00fcs\u00fc vard\u0131r. K\u0131l kesinlikle i\u00e7ermez. Parlak g\u00f6r\u00fcn\u00fcml\u00fc, pembe, k\u0131rm\u0131z\u0131, kahverengi veya cilt renginde olabilir. Ka\u015f\u0131nt\u0131 ve nadir\u00a0 de olsa a\u011fr\u0131 yapabilir. E\u011fer keloid bir eklem yerinde olu\u015fmu\u015fsa o eklem yerinde hareket k\u0131s\u0131tl\u0131l\u0131\u011f\u0131na sebep olabilir. Keloidin en \u00f6nemli \u00f6zelli\u011fi yeni olu\u015fan cilt tamir dokusunun orijinal yara s\u0131n\u0131rlar\u0131n\u0131 a\u015fmas\u0131 ve daha geni\u015f bir yer kaplamas\u0131d\u0131r. Sivilcemizi s\u0131kmam\u0131z, yan\u0131klar, piercing ve k\u00fcpe i\u00e7in a\u00e7\u0131lan delikler, a\u015f\u0131 yap\u0131lmas\u0131, cildin t\u0131rmalanmas\u0131, su\u00e7i\u00e7e\u011fi izleri, derideki \u00e7izik \u015feklinde yaralanmalar ve ameliyat sonras\u0131 at\u0131lan sert diki\u015fler cildi inciterek \u00f6nce yaraya daha sonra ise keloid olu\u015fumuna sebep olabilir.<\/p>\n<p>Genellikle koyu tenli ki\u015filerin keloide yatk\u0131nl\u0131klar\u0131 vard\u0131r. Koyu cilt renginden dolay\u0131 Afrika k\u0131tas\u0131nda ya\u015fayanlarda keloid g\u00f6r\u00fclme olas\u0131l\u0131\u011f\u0131 daha y\u00fcksektir. \u00c7o\u011funlukla 10 ile 30 ya\u015f aras\u0131ndaki ki\u015filerde geli\u015fir. V\u00fccudunda daha \u00f6nce keloid geli\u015fen birinin yeniden keloid geli\u015fme ihtimali y\u00fcksektir. Keloidler v\u00fccudumuzun herhangi bir yerinde g\u00f6r\u00fclebilse de genellikle; ba\u015f, boyun, omuz ve\u00a0g\u00f6\u011fs\u00fcm\u00fcz\u00fcn \u00fcst taraflar\u0131nda g\u00f6r\u00fcl\u00fcr. Keloid korkmam\u0131z gereken bir durum de\u011fildir, ciddi bir hastal\u0131\u011fa i\u015faret etmez. Kansere sebep olmaz. Keloid yara olu\u015ftuktan bir iki ay sonra veya seneler i\u00e7inde geli\u015febilir.<\/p>\n<p>Keloidiniz sizi g\u00f6rsel olarak rahats\u0131z etmeye ba\u015flam\u0131\u015fsa, tedavi i\u00e7in Akelo isimli \u00fcr\u00fcn\u00fcm\u00fcz son derece etkili olup; k\u0131sa s\u00fcreli kullan\u0131mda keloidin k\u00fc\u00e7\u00fclerek rahats\u0131zl\u0131klar\u0131n\u0131n azalmas\u0131na, iki ay ve daha uzun s\u00fcreli kullan\u0131mda ise\u00a0 tamamen iyile\u015fmesine yard\u0131mc\u0131 olur. AKELOK isimli keloid kremimizle birlikte kullan\u0131l\u0131rsa \u00e7ok daha k\u0131sa s\u00fcrede netice al\u0131nmas\u0131 m\u00fcmk\u00fcn olur.<\/p>\n<p>&nbsp;<\/p>\n<h2><\/h2>\n","protected":false},"excerpt":{"rendered":"<p><strong>\u0130\u00e7indekiler:<\/strong> P\u0131rnal, Kantaron, Papatya, Ayn\u0131sefa, \u00c7oban \u00c7antas\u0131, Civan Per\u00e7emi. Net 90 gr. \u00b1 2 gr.<\/p>\n<p><strong>Kullan\u0131m:<\/strong> Bir su barda\u011f\u0131 kaynar suya bir tatl\u0131 ka\u015f\u0131\u011f\u0131 kar\u0131\u015f\u0131m \u00e7ay ekleyip 20 dk. demlendikten sonra s\u00fcz\u00fcp i\u00e7iniz. \u0130ste\u011fe g\u00f6re \u00a0bal, pekmez, \u015feker \u00a0ile tatland\u0131r\u0131labilir. Midesinde rahats\u0131zl\u0131k olmayanlar\u0131n sabah, ak\u015fam yemeklerden 30 dk. \u00f6nce; midesinde rahats\u0131zl\u0131k olanlar\u0131n ise, yemeklerden 2 saat sonra i\u00e7meleri tavsiye edilir.<\/p>\n<p><strong>Saklama ko\u015fullar\u0131 ve uyar\u0131lar:<\/strong> Hamile ve emziren bayanlar\u0131n kullanmas\u0131 tavsiye edilmez. Tavsiye edilen g\u00fcnl\u00fck dozu a\u015fmay\u0131n\u0131z. \u00c7ocuklar\u0131n ula\u015famayaca\u011f\u0131 yerde saklay\u0131n\u0131z. Serin ve kuru yerde muhafaza ediniz. Emniyet band\u0131 \u00a0y\u0131rt\u0131lm\u0131\u015f \u00fcr\u00fcnleri sat\u0131n almay\u0131n\u0131z. \u015e\u0130FAV\u0130<\/p>\n<p><strong>S\u0130PAR\u0130\u015e\u0130N\u0130ZLE \u0130LG\u0130L\u0130 HER T\u00dcRL\u00dc SORULARINIZ \u0130\u00c7\u0130N;<\/strong><\/p>\n<p><strong>M\u00dc\u015eTER\u0130 TEMS\u0130LC\u0130L\u0130\u011e\u0130\u00a0 0216 418 34 34<br \/>\n<\/strong><\/p>\n","protected":false},"featured_media":5833,"comment_status":"open","ping_status":"closed","template":"","meta":[],"product_brand":[],"product_cat":[145],"product_tag":[],"class_list":{"0":"post-6292","1":"product","2":"type-product","3":"status-publish","4":"has-post-thumbnail","6":"product_cat-genel","8":"first","9":"instock","10":"sale","11":"downloadable","12":"virtual","13":"purchasable","14":"product-type-simple"},"_links":{"self":[{"href":"https:\/\/sifaistanbul.com\/index.php?rest_route=\/wp\/v2\/product\/6292","targetHints":{"allow":["GET"]}}],"collection":[{"href":"https:\/\/sifaistanbul.com\/index.php?rest_route=\/wp\/v2\/product"}],"about":[{"href":"https:\/\/sifaistanbul.com\/index.php?rest_route=\/wp\/v2\/types\/product"}],"replies":[{"embeddable":true,"href":"https:\/\/sifaistanbul.com\/index.php?rest_route=%2Fwp%2Fv2%2Fcomments&post=6292"}],"wp:featuredmedia":[{"embeddable":true,"href":"https:\/\/sifaistanbul.com\/index.php?rest_route=\/wp\/v2\/media\/5833"}],"wp:attachment":[{"href":"https:\/\/sifaistanbul.com\/index.php?rest_route=%2Fwp%2Fv2%2Fmedia&parent=6292"}],"wp:term":[{"taxonomy":"product_brand","embeddable":true,"href":"https:\/\/sifaistanbul.com\/index.php?rest_route=%2Fwp%2Fv2%2Fproduct_brand&post=6292"},{"taxonomy":"product_cat","embeddable":true,"href":"https:\/\/sifaistanbul.com\/index.php?rest_route=%2Fwp%2Fv2%2Fproduct_cat&post=6292"},{"taxonomy":"product_tag","embeddable":true,"href":"https:\/\/sifaistanbul.com\/index.php?rest_route=%2Fwp%2Fv2%2Fproduct_tag&post=6292"}],"curies":[{"name":"wp","href":"https:\/\/api.w.org\/{rel}","templated":true}]}}