{"id":6293,"date":"2022-07-14T18:28:29","date_gmt":"2022-07-14T15:28:29","guid":{"rendered":"http:\/\/devaistanbul.com\/?post_type=product&#038;p=6293"},"modified":"2026-04-09T14:51:16","modified_gmt":"2026-04-09T11:51:16","slug":"apolnor","status":"publish","type":"product","link":"https:\/\/sifaistanbul.com\/?product=apolnor","title":{"rendered":"<center>APOLN\u00d6R<center>(Kar\u0131\u015f\u0131k bitki macunu)<center><center>"},"content":{"rendered":"<p>Sinir ucu iltihab\u0131 olarak da bilinen polin\u00f6ropati, v\u00fccudumuzdaki pek \u00e7ok sinirin ayn\u0131 anda etkilendi\u011fi bir sorundur. Sinir sistemi, merkezi ve periferik olmak \u00fczere iki k\u0131s\u0131mda incelenir. Merkezi sinir sistemi beyin, beyincik ve omurilikten olu\u015fur. Periferik sinir sistemi ise omurilik ve beyin sap\u0131ndan \u00e7\u0131kan sinir lifleri ile v\u00fccudumuzun \u00e7e\u015fitli yerlerinde bulunan sinir d\u00fc\u011f\u00fcmlerinden meydana gelir. Beyin sap\u0131ndan \u00e7\u0131kan sinirler y\u00fcz, dil, yutak ve boyuna giderken omurilikten \u00e7\u0131kan sinirler kollar, g\u00f6vde ve bacaklara gider, kaslar\u0131 uyar\u0131r, cilt ve i\u00e7 organlardan \u00e7e\u015fitli duyular\u0131 al\u0131r.<\/p>\n<p>Polin\u00f6ropatide, kaslar\u0131 uyaran motor sinirler; dokunma, a\u011fr\u0131, bas\u0131n\u00e7 gibi \u00e7e\u015fitli duyular\u0131 alan duyusal sinirler ya da her iki tip sinir birden etkilenebilir. Ayn\u0131 zamanda sindirim, idrar bo\u015falt\u0131m\u0131, kan bas\u0131nc\u0131, kalp h\u0131z\u0131 gibi parametreleri kontrol eden otonomik sinirler de tutulabilir.<\/p>\n<p>Diyabet, b\u00f6brek ve karaci\u011fer rahats\u0131zl\u0131klar\u0131, alkolizm, zona, HIV\/AIDS, ivme hastal\u0131\u011f\u0131, \u00e7\u00f6lyak rahats\u0131zl\u0131\u011f\u0131, difteri, hepatit B, hepatit C, hipotriodizm, lenfoma, c\u00fczzam, romatoid artrit, B12 vitamini eksikli\u011fi; polin\u00f6ropati risk fakt\u00f6rleri aras\u0131nda yer al\u0131r. En yayg\u0131n belirtileri; Parestezi (deride hissedilen ve uzun s\u00fcreli etkisi olmayan kar\u0131ncalanma, uyu\u015fma, i\u011fnelenme, yanma hissi), ani keskin ac\u0131lar, \u00f6zellikle el ve ayaklarda kar\u0131ncalanma, uyu\u015fma, bacaklarda ve kollarda zay\u0131fl\u0131k hissetmek, d\u00fcz y\u00fcr\u00fcyememe, t\u00f6kezleme ve d\u00fc\u015fme, yutkunma sorunu olarak s\u0131ralanabilir.<\/p>\n<p>\u00dcr\u00fcn\u00fcm\u00fcz, polin\u00f6ropati rahats\u0131zl\u0131klar\u0131nda son derece etkili olup, k\u0131sa s\u00fcreli kullan\u0131mda rahats\u0131zl\u0131klar\u0131n azalmas\u0131na, iki ay ve daha uzun s\u00fcreli kullan\u0131mda ise kal\u0131c\u0131 iyile\u015fmeye yard\u0131mc\u0131 olur.<\/p>\n<p>&nbsp;<\/p>\n","protected":false},"excerpt":{"rendered":"<p><strong>\u0130\u00e7indekiler:<\/strong> Kantaron, Kiraz Sap\u0131, Is\u0131rgan, Tar\u00e7\u0131n, Karanfil, Ke\u00e7iboynuzu. Net 210 gr. \u00b1 5 gr.<\/p>\n<p><strong>Kullan\u0131m:<\/strong> Midesinde rahats\u0131zl\u0131k olmayanlar\u0131n sabah, ak\u015fam yemeklerden 30 dk \u00f6nce; midesinde rahats\u0131zl\u0131k olanlar\u0131n ise yemeklerden iki saat sonra bir \u00e7ay ka\u015f\u0131\u011f\u0131 macunu su ile yutmalar\u0131 tavsiye edilir.<\/p>\n<p><strong>Saklama ko\u015fullar\u0131 ve uyar\u0131lar:<\/strong> Hamile ve emziren bayanlar\u0131n kullanmas\u0131 tavsiye edilmez. Tavsiye edilen g\u00fcnl\u00fck dozu a\u015fmay\u0131n\u0131z. \u00c7ocuklar\u0131n ula\u015famayaca\u011f\u0131 yerde saklay\u0131n\u0131z. Serin ve kuru yerde muhafaza ediniz. Emniyet band\u0131 \u00a0y\u0131rt\u0131lm\u0131\u015f \u00fcr\u00fcnleri sat\u0131n almay\u0131n\u0131z. \u015e\u0130FAV\u0130<\/p>\n<p><strong>S\u0130PAR\u0130\u015e\u0130N\u0130ZLE \u0130LG\u0130L\u0130 HER T\u00dcRL\u00dc SORULARINIZ \u0130\u00c7\u0130N;<\/strong><\/p>\n<p><strong>M\u00dc\u015eTER\u0130 TEMS\u0130LC\u0130L\u0130\u011e\u0130\u00a0 \u00a00216 418 34 34<br \/>\n<\/strong><\/p>\n<h2><\/h2>\n","protected":false},"featured_media":5767,"comment_status":"open","ping_status":"closed","template":"","meta":[],"product_brand":[],"product_cat":[145],"product_tag":[],"class_list":{"0":"post-6293","1":"product","2":"type-product","3":"status-publish","4":"has-post-thumbnail","6":"product_cat-genel","8":"first","9":"instock","10":"sale","11":"downloadable","12":"virtual","13":"purchasable","14":"product-type-simple"},"_links":{"self":[{"href":"https:\/\/sifaistanbul.com\/index.php?rest_route=\/wp\/v2\/product\/6293","targetHints":{"allow":["GET"]}}],"collection":[{"href":"https:\/\/sifaistanbul.com\/index.php?rest_route=\/wp\/v2\/product"}],"about":[{"href":"https:\/\/sifaistanbul.com\/index.php?rest_route=\/wp\/v2\/types\/product"}],"replies":[{"embeddable":true,"href":"https:\/\/sifaistanbul.com\/index.php?rest_route=%2Fwp%2Fv2%2Fcomments&post=6293"}],"wp:featuredmedia":[{"embeddable":true,"href":"https:\/\/sifaistanbul.com\/index.php?rest_route=\/wp\/v2\/media\/5767"}],"wp:attachment":[{"href":"https:\/\/sifaistanbul.com\/index.php?rest_route=%2Fwp%2Fv2%2Fmedia&parent=6293"}],"wp:term":[{"taxonomy":"product_brand","embeddable":true,"href":"https:\/\/sifaistanbul.com\/index.php?rest_route=%2Fwp%2Fv2%2Fproduct_brand&post=6293"},{"taxonomy":"product_cat","embeddable":true,"href":"https:\/\/sifaistanbul.com\/index.php?rest_route=%2Fwp%2Fv2%2Fproduct_cat&post=6293"},{"taxonomy":"product_tag","embeddable":true,"href":"https:\/\/sifaistanbul.com\/index.php?rest_route=%2Fwp%2Fv2%2Fproduct_tag&post=6293"}],"curies":[{"name":"wp","href":"https:\/\/api.w.org\/{rel}","templated":true}]}}