{"id":6299,"date":"2022-07-14T20:25:38","date_gmt":"2022-07-14T17:25:38","guid":{"rendered":"http:\/\/devaistanbul.com\/?post_type=product&#038;p=6299"},"modified":"2026-04-09T16:46:03","modified_gmt":"2026-04-09T13:46:03","slug":"aboyuz","status":"publish","type":"product","link":"https:\/\/sifaistanbul.com\/?product=aboyuz","title":{"rendered":"<center>ABOYUZ<center>(Kar\u0131\u015f\u0131k bitki \u00e7ay\u0131)<center><center>"},"content":{"rendered":"<p>Neredeyse t\u00fcm insanlarda uzun boylu olma iste\u011fi vard\u0131r. Bu istek elbette b\u00fcy\u00fck oranda g\u00f6r\u00fcn\u00fc\u015fle ilgili kayg\u0131lara dayan\u0131r. Bu y\u00fczden y\u0131llard\u0131r daha uzun boylu olman\u0131n ve daha yap\u0131l\u0131 g\u00f6r\u00fcnmenin yollar\u0131 aranmaktad\u0131r. Eski y\u0131llarda bilim \u00e7ok fazla geli\u015fmedi\u011fi i\u00e7in boy uzatman\u0131n imkans\u0131z oldu\u011fu ve genetik etkenlere boyun e\u011filmesi gerekildi\u011fi d\u00fc\u015f\u00fcn\u00fclmekteydi. Ancak son d\u00f6nemde boy uzamas\u0131n\u0131n biyolojik ve fiziksel m\u00fcdahalelerden etkilenebilece\u011fi ke\u015ffedilerek bu y\u00f6nde \u00e7al\u0131\u015fmalara ba\u015flan\u0131lm\u0131\u015ft\u0131r.<\/p>\n<p>Boy uzamas\u0131 kemikler sayesinde ger\u00e7ekle\u015fir. Kemikler eklem b\u00f6lgelerindeki b\u00fcy\u00fcme noktalar\u0131ndan kar\u015f\u0131l\u0131kl\u0131 olarak uzarlar ve ya\u015f ilerledik\u00e7e kal\u0131nla\u015f\u0131rlar. Erkeklerde en fazla boy uzamas\u0131 13-14 ya\u015f civar\u0131nda olurken k\u0131zlarda 10-11 ya\u015f aras\u0131nda en fazla uzama g\u00f6r\u00fcl\u00fcr. Boy uzamas\u0131 geli\u015fim \u00e7a\u011f\u0131n\u0131n sonunda tamamlan\u0131r.\u00a0 Boy uzamas\u0131; b\u00fcy\u00fcme hormonunun miktar\u0131na, cinsiyet hormonlar\u0131n\u0131n miktar\u0131 ve etkisine, kandan kemi\u011fe ge\u00e7en kalsiyum ve fosfat miktar\u0131na, beslenme ve uyku d\u00fczenine, yap\u0131lan aktivitelere ve egzersizlere ba\u011fl\u0131d\u0131r.<\/p>\n<p>ABOYUZ, geli\u015fim \u00e7a\u011f\u0131ndaki bireylerde boy uzamas\u0131na yard\u0131mc\u0131 olmak \u00fczere \u00fcretilmi\u015ftir. Bir ay gibi k\u0131sa zamanda etkisini g\u00f6stermeye ba\u015flar, \u00fc\u00e7 ayl\u0131k k\u00fcrler halinde devam edilip, \u00fc\u00e7 ay ara verilir ve en fazla d\u00f6rt k\u00fcr devam edilirse boyda\u00a0 uzaman\u0131n ba\u015flad\u0131\u011f\u0131 ve devam etti\u011fi g\u00f6r\u00fcl\u00fcr.<\/p>\n<p>\u00dcr\u00fcn\u00fcm\u00fcz, yeti\u015fkinlerce kullan\u0131ld\u0131\u011f\u0131 takdirde; ya\u015fland\u0131k\u00e7a do\u011fal olarak k\u0131salmaya ba\u015flayan boydaki azalma miktar\u0131n\u0131 k\u00fc\u00e7\u00fcltmeye ve geciktirmeye yard\u0131mc\u0131 olur.<\/p>\n","protected":false},"excerpt":{"rendered":"<p><strong>\u0130\u00e7indekiler:<\/strong> O\u011ful Otu, Fesle\u011fen, Biberiye, Civan Per\u00e7emi, Ke\u00e7iboynuzu. Net 90 gr. \u00b1 2 gr.<\/p>\n<p><strong>Kullan\u0131m:<\/strong> Midesinde rahats\u0131zl\u0131k olmayanlar\u0131n sabah, ak\u015fam yemeklerden 30 dk. \u00f6nce; midesinde rahats\u0131zl\u0131k olanlar\u0131n ise, yemeklerden 2 saat sonra i\u00e7meleri tavsiye edilir. Bir su barda\u011f\u0131 kaynar suya bir tatl\u0131 ka\u015f\u0131\u011f\u0131 kar\u0131\u015f\u0131m \u00e7ay ekleyip 20 dk. demlendikten sonra s\u00fcz\u00fcp i\u00e7iniz. \u0130ste\u011fe g\u00f6re \u00a0bal, pekmez, \u015feker \u00a0ile tatland\u0131r\u0131labilir.<\/p>\n<p>\u00dcr\u00fcn kullan\u0131l\u0131rken, g\u00fcn i\u00e7erisinde ayr\u0131ca kuru \u00fcz\u00fcm, ke\u00e7iboynuzu ve bir tatl\u0131 ka\u015f\u0131\u011f\u0131 kadar susam yenilir;\u00a0 basketbol ve voleybol gibi m\u00fcmk\u00fcn oldu\u011fu kadar y\u00fckse\u011fe s\u0131\u00e7rama gerektiren spor ve hareketlere devam edilirse daha \u00e7abuk sonu\u00e7 almak m\u00fcmk\u00fcn olur.<\/p>\n<p><strong>Saklama ko\u015fullar\u0131 ve uyar\u0131lar:<\/strong> Hamile ve emziren bayanlar\u0131n kullanmas\u0131 tavsiye edilmez. Tavsiye edilen g\u00fcnl\u00fck dozu a\u015fmay\u0131n\u0131z. \u00c7ocuklar\u0131n ula\u015famayaca\u011f\u0131 yerde saklay\u0131n\u0131z. Serin ve kuru yerde muhafaza ediniz. Emniyet band\u0131 \u00a0y\u0131rt\u0131lm\u0131\u015f \u00fcr\u00fcnleri sat\u0131n almay\u0131n\u0131z. \u015e\u0130FAV\u0130<\/p>\n<p><strong>S\u0130PAR\u0130\u015e\u0130N\u0130ZLE \u0130LG\u0130L\u0130 HER T\u00dcRL\u00dc SORULARINIZ \u0130\u00c7\u0130N;<\/strong><\/p>\n<p class=\"western\"><strong>M\u00dc\u015eTER\u0130 TEMS\u0130LC\u0130L\u0130\u011e\u0130\u00a0 \u00a0 \u00a00216 418 34 34<br \/>\n<\/strong><\/p>\n","protected":false},"featured_media":5840,"comment_status":"open","ping_status":"closed","template":"","meta":[],"product_brand":[],"product_cat":[145],"product_tag":[],"class_list":{"0":"post-6299","1":"product","2":"type-product","3":"status-publish","4":"has-post-thumbnail","6":"product_cat-genel","8":"first","9":"instock","10":"sale","11":"downloadable","12":"virtual","13":"purchasable","14":"product-type-simple"},"_links":{"self":[{"href":"https:\/\/sifaistanbul.com\/index.php?rest_route=\/wp\/v2\/product\/6299","targetHints":{"allow":["GET"]}}],"collection":[{"href":"https:\/\/sifaistanbul.com\/index.php?rest_route=\/wp\/v2\/product"}],"about":[{"href":"https:\/\/sifaistanbul.com\/index.php?rest_route=\/wp\/v2\/types\/product"}],"replies":[{"embeddable":true,"href":"https:\/\/sifaistanbul.com\/index.php?rest_route=%2Fwp%2Fv2%2Fcomments&post=6299"}],"wp:featuredmedia":[{"embeddable":true,"href":"https:\/\/sifaistanbul.com\/index.php?rest_route=\/wp\/v2\/media\/5840"}],"wp:attachment":[{"href":"https:\/\/sifaistanbul.com\/index.php?rest_route=%2Fwp%2Fv2%2Fmedia&parent=6299"}],"wp:term":[{"taxonomy":"product_brand","embeddable":true,"href":"https:\/\/sifaistanbul.com\/index.php?rest_route=%2Fwp%2Fv2%2Fproduct_brand&post=6299"},{"taxonomy":"product_cat","embeddable":true,"href":"https:\/\/sifaistanbul.com\/index.php?rest_route=%2Fwp%2Fv2%2Fproduct_cat&post=6299"},{"taxonomy":"product_tag","embeddable":true,"href":"https:\/\/sifaistanbul.com\/index.php?rest_route=%2Fwp%2Fv2%2Fproduct_tag&post=6299"}],"curies":[{"name":"wp","href":"https:\/\/api.w.org\/{rel}","templated":true}]}}