{"id":6303,"date":"2022-07-14T20:36:35","date_gmt":"2022-07-14T17:36:35","guid":{"rendered":"http:\/\/devaistanbul.com\/?post_type=product&#038;p=6303"},"modified":"2026-04-09T17:09:36","modified_gmt":"2026-04-09T14:09:36","slug":"adomfel","status":"publish","type":"product","link":"https:\/\/sifaistanbul.com\/?product=adomfel","title":{"rendered":"<center>ADOMFEL<center>(Kar\u0131\u015f\u0131k bitki \u00e7ay\u0131)<center><center>"},"content":{"rendered":"<p class=\"western\">Omurilik felci, omurili\u011fin i\u015flevlerini kaybetmesi olarak tan\u0131mlan\u0131r. Bu sorunun olu\u015fmas\u0131 i\u00e7in, omurili\u011fin travma kaynakl\u0131 bir bask\u0131ya u\u011framas\u0131 ya da bir hastal\u0131k nedeniyle i\u015flevlerini yitirmesi gerekir. Bu etkenlerle hasar g\u00f6ren omurilik ileti\u015fim g\u00f6revini yerine getiremez duruma gelir. Yani beyinle organlar aras\u0131ndaki ileti\u015fim, hasarl\u0131 b\u00f6lgelerde ve a\u015fa\u011f\u0131s\u0131nda kaybedilmi\u015f olur.<\/p>\n<p class=\"western\">Omurilik felci en s\u0131k trafik kazalar\u0131, y\u00fcksekten d\u00fc\u015fme, ate\u015fli silah yaralanmalar\u0131, s\u0131\u011f suya bal\u0131klama atlamalar, kesici ve delici aletlerle yaralanmalar, i\u015f kazalar\u0131 gibi travmalar sonucunda geli\u015fir. Bunlar\u0131n sonucunda bir veya birden fazla omur\u00a0 k\u0131r\u0131l\u0131r ve omurilikte kesi meydana gelebilir. Bu nedenlerin d\u0131\u015f\u0131nda omurilikte ve omurgada meydana gelen t\u00fcm\u00f6rlerin yapt\u0131\u011f\u0131 bask\u0131, menejit ve omurga veremi gibi baz\u0131 enfeksiyon hastal\u0131klar\u0131n\u0131n omurili\u011fi deforme edebilmesi, omurga f\u0131t\u0131klar\u0131 ve\u00a0 yumu\u015fak doku hastal\u0131klar\u0131 da omurilik felci nedeni olabilir.<\/p>\n<p class=\"western\">E\u011fer boyun omurlar\u0131 zedelenmi\u015fse kollar ve bacaklarda; s\u0131rt ve bel omurlar\u0131 zedelenmi\u015fse bacaklarda fel\u00e7 ortaya \u00e7\u0131kar. Fel\u00e7 durumu mesane (idrar kesesi) ve barsakta da meydana gelir b\u00f6ylelikle hasta idrar\u0131n\u0131n ve b\u00fcy\u00fck abdestinin geldi\u011fini bilemez ve bunlar\u0131 tutamaz. Hastan\u0131n cinsel fonksiyonlar\u0131 da bozulabilir.<\/p>\n<p class=\"western\">\u00dcr\u00fcn\u00fcm\u00fcz, omurilik felci rahats\u0131zl\u0131\u011f\u0131n\u0131\u00a0 gidermek \u00fczere \u00fcretilmi\u015ftir. Son derece etkili bir \u00fcr\u00fcn olup, k\u0131sa s\u00fcreli kullan\u0131mda rahats\u0131zl\u0131klar\u0131n azalmas\u0131na, iki ay ve daha uzun s\u00fcreli kullan\u0131mda ise iyile\u015fmeye yard\u0131mc\u0131 olur.<\/p>\n<p>&nbsp;<\/p>\n<p>&nbsp;<\/p>\n","protected":false},"excerpt":{"rendered":"<p><strong>\u0130\u00e7indekiler:<\/strong>\u00a0 Ada\u00e7ay\u0131, Karanfil, Safran, Maydanoz, Kantaron, Melekotu, Biberiye, \u00dczerlik Tohumu. Net 90gr. \u00b1 2 gr.<\/p>\n<p><strong>Kullan\u0131m:<\/strong> Bir su barda\u011f\u0131 kaynar suya bir tatl\u0131 ka\u015f\u0131\u011f\u0131 kar\u0131\u015f\u0131m \u00e7ay ekleyip 20 dk demlendikten sonra s\u00fcz\u00fcp i\u00e7iniz. Midesinde rahats\u0131zl\u0131k olmayanlar\u0131n sabah, ak\u015fam yemeklerden 30dk \u00f6nce; midesinde rahats\u0131zl\u0131k olanlar\u0131n ise yemeklerden iki saat sonra i\u00e7meleri tavsiye edilir. \u0130ste\u011fe g\u00f6re bal, pekmez, \u015feker ile tatland\u0131r\u0131labilir. Yan\u0131nda ayr\u0131ca AFLEC ve AKEM\u0130 adl\u0131 \u00fcr\u00fcnlerimiz de kullan\u0131l\u0131rsa daha \u00e7abuk sonu\u00e7 almak m\u00fcmk\u00fcn olur.<\/p>\n<p>\u00dcr\u00fcn kullan\u0131l\u0131rken, g\u00fcn i\u00e7erisinde ayr\u0131ca safran, kivi, havu\u00e7, sarm\u0131sak ve yumurta t\u00fcketilirse daha \u00e7abuk sonu\u00e7 almak m\u00fcmk\u00fcn olur.<\/p>\n<p><strong>Saklama ko\u015fullar\u0131 ve uyar\u0131lar:<\/strong> Hamile ve emziren bayanlar\u0131n kullanmas\u0131 tavsiye edilmez. Tavsiye edilen g\u00fcnl\u00fck dozu a\u015fmay\u0131n\u0131z. \u00c7ocuklar\u0131n ula\u015famayaca\u011f\u0131 yerde saklay\u0131n\u0131z. Serin ve kuru yerde muhafaza ediniz. Emniyet band\u0131 \u00a0y\u0131rt\u0131lm\u0131\u015f \u00fcr\u00fcnleri sat\u0131n almay\u0131n\u0131z. \u015e\u0130FAV\u0130<\/p>\n<p><strong>S\u0130PAR\u0130\u015e\u0130N\u0130ZLE \u0130LG\u0130L\u0130 HER T\u00dcRL\u00dc SORULARINIZ \u0130\u00c7\u0130N;<\/strong><\/p>\n<p class=\"western\"><strong>M\u00dc\u015eTER\u0130 TEMS\u0130LC\u0130L\u0130\u011e\u0130 \u00a00216 418 34 34<\/strong><\/p>\n<div><strong>\u00a0<\/strong><\/div>\n<p class=\"western\"><strong>\u00a0<\/strong><\/p>\n","protected":false},"featured_media":5941,"comment_status":"closed","ping_status":"closed","template":"","meta":[],"product_brand":[],"product_cat":[145],"product_tag":[],"class_list":{"0":"post-6303","1":"product","2":"type-product","3":"status-publish","4":"has-post-thumbnail","6":"product_cat-genel","8":"first","9":"instock","10":"sale","11":"downloadable","12":"virtual","13":"purchasable","14":"product-type-simple"},"_links":{"self":[{"href":"https:\/\/sifaistanbul.com\/index.php?rest_route=\/wp\/v2\/product\/6303","targetHints":{"allow":["GET"]}}],"collection":[{"href":"https:\/\/sifaistanbul.com\/index.php?rest_route=\/wp\/v2\/product"}],"about":[{"href":"https:\/\/sifaistanbul.com\/index.php?rest_route=\/wp\/v2\/types\/product"}],"replies":[{"embeddable":true,"href":"https:\/\/sifaistanbul.com\/index.php?rest_route=%2Fwp%2Fv2%2Fcomments&post=6303"}],"wp:featuredmedia":[{"embeddable":true,"href":"https:\/\/sifaistanbul.com\/index.php?rest_route=\/wp\/v2\/media\/5941"}],"wp:attachment":[{"href":"https:\/\/sifaistanbul.com\/index.php?rest_route=%2Fwp%2Fv2%2Fmedia&parent=6303"}],"wp:term":[{"taxonomy":"product_brand","embeddable":true,"href":"https:\/\/sifaistanbul.com\/index.php?rest_route=%2Fwp%2Fv2%2Fproduct_brand&post=6303"},{"taxonomy":"product_cat","embeddable":true,"href":"https:\/\/sifaistanbul.com\/index.php?rest_route=%2Fwp%2Fv2%2Fproduct_cat&post=6303"},{"taxonomy":"product_tag","embeddable":true,"href":"https:\/\/sifaistanbul.com\/index.php?rest_route=%2Fwp%2Fv2%2Fproduct_tag&post=6303"}],"curies":[{"name":"wp","href":"https:\/\/api.w.org\/{rel}","templated":true}]}}