{"id":6333,"date":"2022-07-15T13:09:59","date_gmt":"2022-07-15T10:09:59","guid":{"rendered":"http:\/\/devaistanbul.com\/?post_type=product&#038;p=6333"},"modified":"2026-04-10T15:29:12","modified_gmt":"2026-04-10T12:29:12","slug":"acokem","status":"publish","type":"product","link":"https:\/\/sifaistanbul.com\/?product=acokem","title":{"rendered":"<center>A\u00c7OKEM<center>(Kar\u0131\u015f\u0131k bitki \u00e7ay\u0131)<center><center>"},"content":{"rendered":"<p>Hamilelik bazen \u00e7ok kolay elde ediliyormu\u015f gibi g\u00f6r\u00fcnse de olduk\u00e7a karma\u015f\u0131k bir dizi olay\u0131n bir ahenk i\u00e7inde i\u015flemesi ile ger\u00e7ekle\u015fir. Ama baz\u0131 sa\u011fl\u0131k problemleri bu muhte\u015fem biyolojik yolculu\u011fa engel olabiliyor. Bunlar\u0131n kad\u0131n ve erkek aras\u0131ndaki da\u011f\u0131l\u0131m\u0131 hemen hemen e\u015fittir. \u00c7iftlerin 1\/3\u2019\u00fcnde kad\u0131nda, 1\/3\u2019\u00fcnde erkekte, 1\/3\u2019\u00fcnde ise her ikisinde sorun bulunur.<\/p>\n<p>Kad\u0131na Ba\u011fl\u0131 sorunlar; %40 Yumurtlama Problemi, %40 Kanal T\u0131kan\u0131kl\u0131\u011f\u0131, %10 A\u00e7\u0131klanamayan ve %10 Di\u011fer (Myomlar,Endometrium,Rahim a\u011fz\u0131 t\u0131kan\u0131kl\u0131\u011f\u0131 gibi\u2026) nedenlerden kaynaklan\u0131r. Yumurtlama problemleri seyrek adet g\u00f6rme veya hi\u00e7 adet g\u00f6rememe \u015feklinde olabilece\u011fi gibi s\u0131k adet g\u00f6rme \u015feklinde de kendini g\u00f6sterebilir. Yumurtlama d\u00fczensizli\u011fine yol a\u00e7an di\u011fer problemler; tiroid hastal\u0131klar\u0131, yeme bozukluklar\u0131, a\u015f\u0131r\u0131 kilo kaybetmek veya almak, obesite, s\u00fct \u00fcretimini sa\u011flamak ve adet kanamalar\u0131n\u0131 d\u00fczene sokmakla g\u00f6revli Prolaktin hormonunun y\u00fcksekli\u011fi ve hipofiz bezi t\u00fcm\u00f6rleridir. Kanal t\u0131kan\u0131kl\u0131\u011f\u0131 ise ba\u015fta enfeksiyon, apendisit, kronik iltihabi ba\u011f\u0131rsak hastal\u0131klar\u0131 (Chron,\u00fclseratif kolit) vb. nedeniyle ge\u00e7irilmi\u015f operasyonlara ba\u011fl\u0131 olu\u015fabilir. Rahim i\u00e7indeki Polip, Myom ve yap\u0131\u015f\u0131kl\u0131klar (iltihabi veya k\u00fcrtaja ba\u011fl\u0131),rahim a\u011fz\u0131ndaki do\u011fumsal veya sonradan operasyonlara ba\u011fl\u0131 geli\u015fen anormallikler gebeli\u011fi engelleyebilir.<\/p>\n<p>A\u00e7okem, \u00e7ocu\u011fu olmayan kad\u0131nlar\u0131n rahats\u0131zl\u0131klar\u0131n\u0131 gidermek \u00fczere \u00fcretilmi\u015ftir.\u00a0 Yumurta olmamas\u0131, az olmas\u0131, yeterince b\u00fcy\u00fcmemesi, enfeksiyon, t\u00fcplerin t\u0131kal\u0131 olmas\u0131 vb durumlarda, son derece etkili olup; k\u0131sa s\u00fcreli kullan\u0131mda, d\u00fczelmeler ba\u015flar. \u0130ki ay ve daha uzun s\u00fcreli kullan\u0131mda ise tam olarak iyile\u015fmeye yard\u0131mc\u0131 olur.<\/p>\n<p>&nbsp;<\/p>\n<p>&nbsp;<\/p>\n","protected":false},"excerpt":{"rendered":"<p><strong>\u0130\u00e7indekiler:<\/strong> Maydanoz, Is\u0131rgan, Civan Per\u00e7emi, Ada\u00e7ay\u0131, Nane, Yonca. Net 90 gr. \u00b1 2 gr.<\/p>\n<p><strong>Kullan\u0131m:<\/strong> Bir su barda\u011f\u0131 kaynar suya bir tatl\u0131 ka\u015f\u0131\u011f\u0131 kar\u0131\u015f\u0131m \u00e7ay ekleyip 20 dk. demlendikten sonra s\u00fcz\u00fcp i\u00e7iniz. \u0130ste\u011fe g\u00f6re \u00a0bal, pekmez, \u015feker \u00a0ile tatland\u0131r\u0131labilir. Midesinde rahats\u0131zl\u0131k olmayanlar\u0131n sabah, ak\u015fam yemeklerden 30 dk. \u00f6nce; midesinde rahats\u0131zl\u0131k olanlar\u0131n ise, yemeklerden 2 saat sonra i\u00e7meleri tavsiye edilir.<\/p>\n<p>\u00dcr\u00fcn kullan\u0131l\u0131rken, g\u00fcn i\u00e7erisinde ayr\u0131ca mercimek, yumurta, kuru \u00fcz\u00fcm, sarm\u0131sak yiyilirse daha \u00e7abuk sonu\u00e7 almak m\u00fcmk\u00fcn olur.<\/p>\n<p><strong>Saklama ko\u015fullar\u0131 ve uyar\u0131lar:<\/strong> Tavsiye edilen g\u00fcnl\u00fck dozu a\u015fmay\u0131n\u0131z. \u00c7ocuklar\u0131n ula\u015famayaca\u011f\u0131 yerde saklay\u0131n\u0131z. Serin ve kuru yerde muhafaza ediniz. Emniyet band\u0131 \u00a0y\u0131rt\u0131lm\u0131\u015f \u00fcr\u00fcnleri sat\u0131n almay\u0131n\u0131z. \u015e\u0130FAV\u0130<\/p>\n<p><strong>S\u0130PAR\u0130\u015e\u0130N\u0130ZLE \u0130LG\u0130L\u0130 HER T\u00dcRL\u00dc SORULARINIZ \u0130\u00c7\u0130N;<\/strong><\/p>\n<p class=\"western\"><strong>M\u00dc\u015eTER\u0130 TEMS\u0130LC\u0130L\u0130\u011e\u0130\u00a0\u00a0\u00a0<\/strong><strong> 0216 418 34 34<br \/>\n<\/strong><\/p>\n<div><strong>\u00a0<\/strong><\/div>\n<p>&nbsp;<\/p>\n","protected":false},"featured_media":5873,"comment_status":"open","ping_status":"closed","template":"","meta":[],"product_brand":[],"product_cat":[145],"product_tag":[],"class_list":{"0":"post-6333","1":"product","2":"type-product","3":"status-publish","4":"has-post-thumbnail","6":"product_cat-genel","8":"first","9":"instock","10":"sale","11":"downloadable","12":"virtual","13":"purchasable","14":"product-type-simple"},"_links":{"self":[{"href":"https:\/\/sifaistanbul.com\/index.php?rest_route=\/wp\/v2\/product\/6333","targetHints":{"allow":["GET"]}}],"collection":[{"href":"https:\/\/sifaistanbul.com\/index.php?rest_route=\/wp\/v2\/product"}],"about":[{"href":"https:\/\/sifaistanbul.com\/index.php?rest_route=\/wp\/v2\/types\/product"}],"replies":[{"embeddable":true,"href":"https:\/\/sifaistanbul.com\/index.php?rest_route=%2Fwp%2Fv2%2Fcomments&post=6333"}],"wp:featuredmedia":[{"embeddable":true,"href":"https:\/\/sifaistanbul.com\/index.php?rest_route=\/wp\/v2\/media\/5873"}],"wp:attachment":[{"href":"https:\/\/sifaistanbul.com\/index.php?rest_route=%2Fwp%2Fv2%2Fmedia&parent=6333"}],"wp:term":[{"taxonomy":"product_brand","embeddable":true,"href":"https:\/\/sifaistanbul.com\/index.php?rest_route=%2Fwp%2Fv2%2Fproduct_brand&post=6333"},{"taxonomy":"product_cat","embeddable":true,"href":"https:\/\/sifaistanbul.com\/index.php?rest_route=%2Fwp%2Fv2%2Fproduct_cat&post=6333"},{"taxonomy":"product_tag","embeddable":true,"href":"https:\/\/sifaistanbul.com\/index.php?rest_route=%2Fwp%2Fv2%2Fproduct_tag&post=6333"}],"curies":[{"name":"wp","href":"https:\/\/api.w.org\/{rel}","templated":true}]}}