{"id":6342,"date":"2022-07-15T15:33:05","date_gmt":"2022-07-15T12:33:05","guid":{"rendered":"http:\/\/devaistanbul.com\/?post_type=product&#038;p=6342"},"modified":"2026-04-10T16:31:02","modified_gmt":"2026-04-10T13:31:02","slug":"adaids","status":"publish","type":"product","link":"https:\/\/sifaistanbul.com\/?product=adaids","title":{"rendered":"<center>ADA\u0130DS<center>(Kar\u0131\u015f\u0131k bitki \u00e7ay\u0131)<center><center>"},"content":{"rendered":"<p class=\"western\">AIDS hastal\u0131\u011f\u0131 \u0130ngilizcede Acquired Immune Deficiency Syndrome (Kazan\u0131lm\u0131\u015f Ba\u011f\u0131\u015f\u0131kl\u0131k Yetersizli\u011fi Sendromu) olarak adland\u0131r\u0131lan vir\u00fcs kaynakl\u0131 bir ba\u011f\u0131\u015f\u0131kl\u0131k problemidir. Hastal\u0131\u011fa neden olan HIV vir\u00fcs\u00fc v\u00fccudun savunmas\u0131nda rol oynayan \u00f6nemli h\u00fccreleri yok ederek ba\u011f\u0131\u015f\u0131kl\u0131k sisteminin zay\u0131flamas\u0131na neden olur. Genellikle HIV\/AIDS \u015feklinde de k\u0131salt\u0131lan bu hastal\u0131kta ba\u011f\u0131\u015f\u0131kl\u0131k sisteminin zay\u0131flamas\u0131 sonucu a\u011f\u0131r enfeksiyon rahats\u0131zl\u0131klar\u0131 hatta kanser ve benzer hastal\u0131klar ortaya \u00e7\u0131kabilir.<\/p>\n<p class=\"western\">HIV vir\u00fcs\u00fc v\u00fccuda girdikten hemen sonra \u00e7o\u011falmaya ba\u015flar ve aylar veya y\u0131llar boyunca farkl\u0131 h\u0131zlarla \u00e7o\u011falmay\u0131 s\u00fcrd\u00fcr\u00fcr. V\u00fccuttaki vir\u00fcs seviyesi belirli bir s\u0131n\u0131r\u0131 ge\u00e7tikten sonra AIDS hastal\u0131\u011f\u0131 olu\u015fmaya ba\u015flar. Hastal\u0131\u011f\u0131n ilerlemesi ile birlikte ki\u015fide istem d\u0131\u015f\u0131 h\u0131zl\u0131 kilo kayb\u0131, uzun s\u00fcreli ishal, gece terlemesi, s\u0131k tekrarlayan ate\u015f, a\u011f\u0131z i\u00e7inde derin beyaz yaralar, v\u00fccudun de\u011fi\u015fik b\u00f6lgelerinde pembe, k\u0131rm\u0131z\u0131 veya mor lekeler, \u00e7e\u015fitli solunum yolu hastal\u0131klar\u0131 ve unutkanl\u0131k gibi \u015fik\u00e2yetler meydana gelir. V\u00fccudunda HIV ta\u015f\u0131yan herkes AIDS olmayabilir. \u00d6mr\u00fc boyunca HIV vir\u00fcs\u00fcn\u00fc ta\u015f\u0131y\u0131p AIDS olmadan ya\u015fayan ki\u015filer de vard\u0131r.<\/p>\n<p class=\"western\">HIV\/AIDS ba\u015fl\u0131ca 3 yoldan bula\u015f\u0131r. Bunlar; i\u011fne yaparken ba\u015fkas\u0131n\u0131n \u015f\u0131r\u0131ngas\u0131n\u0131 kullanmak, korunmadan cinsel ili\u015fkide bulunmak ve hasta anneden bebe\u011fe \u015feklindedir.\u00a0 AIDS hastal\u0131\u011f\u0131n\u0131n tan\u0131s\u0131 ELISA ad\u0131 verilen bir tarama y\u00f6ntemi ile belirlenmektedir. ELISA testi s\u0131ras\u0131nda kanda Hiv vir\u00fcs\u00fc tespit edilmi\u015f ise pozitif veya negatif olup olmad\u0131\u011f\u0131n\u0131 belirlemek i\u00e7in\u00a0 anti hiv testleri de yap\u0131lmak zorundad\u0131r.\u00a0 \u00a0Anti Hiv testi sonras\u0131nda kandaki vir\u00fcs\u00fcn HIV pozitif oldu\u011fu g\u00f6r\u00fcld\u00fc\u011f\u00fcnde ancak kesin tan\u0131 konulabilir.<\/p>\n<p class=\"western\">\u00dcr\u00fcn\u00fcm\u00fcz, AIDS rahats\u0131zl\u0131klar\u0131n\u0131 gidermek \u00fczere \u00fcretilmi\u015ftir. Son derece etkili olup; k\u0131sa s\u00fcreli kullan\u0131mda\u00a0 rahats\u0131zl\u0131klar\u0131n azalmas\u0131na, iki ay ve daha uzun s\u00fcreli kullan\u0131mda ise tam olarak iyile\u015fmesine yard\u0131mc\u0131 olur.<\/p>\n<p>&nbsp;<\/p>\n<p>&nbsp;<\/p>\n","protected":false},"excerpt":{"rendered":"<p><strong>\u0130\u00e7indekiler: <\/strong>Yasemin, Is\u0131rgan, Reyhan, Papatya, \u00d6kseotu.\u00a0Net 90 gr. \u00b1 2 gr.<\/p>\n<p><strong>Kullan\u0131m:<\/strong> Bir su barda\u011f\u0131 kaynar suya bir tatl\u0131 ka\u015f\u0131\u011f\u0131 kar\u0131\u015f\u0131m \u00e7ay ekleyip 20 dk. demlendikten sonra s\u00fcz\u00fcp i\u00e7iniz. \u0130ste\u011fe g\u00f6re \u00a0bal, pekmez, \u015feker \u00a0ile tatland\u0131r\u0131labilir. Midesinde rahats\u0131zl\u0131k olmayanlar\u0131n sabah, ak\u015fam yemeklerden 30 dk. \u00f6nce; midesinde rahats\u0131zl\u0131k olanlar\u0131n ise, yemeklerden 2 saat sonra i\u00e7meleri tavsiye edilir.<\/p>\n<p>\u00dcr\u00fcn kullan\u0131l\u0131rken, g\u00fcn i\u00e7erisinde ayr\u0131ca \u015falgam ve havu\u00e7 veya havu\u00e7 suyu t\u00fcketilirse daha \u00e7abuk sonu\u00e7 almak m\u00fcmk\u00fcn olur.<\/p>\n<p><strong>Saklama ko\u015fullar\u0131 ve uyar\u0131lar:<\/strong> Hamile ve emziren bayanlar\u0131n kullanmas\u0131 tavsiye edilmez. Tavsiye edilen g\u00fcnl\u00fck dozu a\u015fmay\u0131n\u0131z. \u00c7ocuklar\u0131n ula\u015famayaca\u011f\u0131 yerde saklay\u0131n\u0131z. Serin ve kuru yerde muhafaza ediniz. Emniyet band\u0131 \u00a0y\u0131rt\u0131lm\u0131\u015f \u00fcr\u00fcnleri sat\u0131n almay\u0131n\u0131z. \u015e\u0130FAV\u0130<\/p>\n<p><strong>S\u0130PAR\u0130\u015e\u0130N\u0130ZLE \u0130LG\u0130L\u0130 HER T\u00dcRL\u00dc SORULARINIZ \u0130\u00c7\u0130N;<\/strong><\/p>\n<p class=\"western\"><strong>M\u00dc\u015eTER\u0130 TEMS\u0130LC\u0130L\u0130\u011e\u0130\u00a0\u00a0\u00a0<\/strong><strong> 0216 418 34 34<br \/>\n<\/strong><\/p>\n<div><strong>\u00a0<\/strong><\/div>\n<p class=\"western\"><strong>\u00a0<\/strong><\/p>\n","protected":false},"featured_media":7450,"comment_status":"open","ping_status":"closed","template":"","meta":[],"product_brand":[],"product_cat":[145],"product_tag":[],"class_list":{"0":"post-6342","1":"product","2":"type-product","3":"status-publish","4":"has-post-thumbnail","6":"product_cat-genel","8":"first","9":"instock","10":"sale","11":"downloadable","12":"virtual","13":"purchasable","14":"product-type-simple"},"_links":{"self":[{"href":"https:\/\/sifaistanbul.com\/index.php?rest_route=\/wp\/v2\/product\/6342","targetHints":{"allow":["GET"]}}],"collection":[{"href":"https:\/\/sifaistanbul.com\/index.php?rest_route=\/wp\/v2\/product"}],"about":[{"href":"https:\/\/sifaistanbul.com\/index.php?rest_route=\/wp\/v2\/types\/product"}],"replies":[{"embeddable":true,"href":"https:\/\/sifaistanbul.com\/index.php?rest_route=%2Fwp%2Fv2%2Fcomments&post=6342"}],"wp:featuredmedia":[{"embeddable":true,"href":"https:\/\/sifaistanbul.com\/index.php?rest_route=\/wp\/v2\/media\/7450"}],"wp:attachment":[{"href":"https:\/\/sifaistanbul.com\/index.php?rest_route=%2Fwp%2Fv2%2Fmedia&parent=6342"}],"wp:term":[{"taxonomy":"product_brand","embeddable":true,"href":"https:\/\/sifaistanbul.com\/index.php?rest_route=%2Fwp%2Fv2%2Fproduct_brand&post=6342"},{"taxonomy":"product_cat","embeddable":true,"href":"https:\/\/sifaistanbul.com\/index.php?rest_route=%2Fwp%2Fv2%2Fproduct_cat&post=6342"},{"taxonomy":"product_tag","embeddable":true,"href":"https:\/\/sifaistanbul.com\/index.php?rest_route=%2Fwp%2Fv2%2Fproduct_tag&post=6342"}],"curies":[{"name":"wp","href":"https:\/\/api.w.org\/{rel}","templated":true}]}}