{"id":6351,"date":"2022-07-15T16:40:48","date_gmt":"2022-07-15T13:40:48","guid":{"rendered":"http:\/\/devaistanbul.com\/?post_type=product&#038;p=6351"},"modified":"2026-04-11T11:55:32","modified_gmt":"2026-04-11T08:55:32","slug":"asizo","status":"publish","type":"product","link":"https:\/\/sifaistanbul.com\/?product=asizo","title":{"rendered":"<center>A\u015e\u0130ZO<center>(Kar\u0131\u015f\u0131k bitki macunu)<center><center>"},"content":{"rendered":"<p>\u015eizofreni, beynin yap\u0131 ve i\u015fleyi\u015fini de\u011fi\u015ftirerek ki\u015filerde d\u00fc\u015f\u00fcnce sapmalar\u0131na, olmayan \u015feyleri g\u00f6rme veya duymaya, i\u00e7ine kapanmaya, motivasyon kayb\u0131 ve konsantrasyonda bozuklu\u011fa yol a\u00e7an karma\u015f\u0131k ve ciddi bir beyin hastal\u0131\u011f\u0131d\u0131r. San\u0131ld\u0131\u011f\u0131 kadar nadir de\u011fildir ve tiplerine g\u00f6re ki\u015filerde farkl\u0131 durumlara yol a\u00e7abilir. \u015eizofreni belirtileri genellikle 16 ile 30 ya\u015flar\u0131 aras\u0131nda ba\u015flar. \u00c7ok nadir olarak, \u00e7ocuklarda veya 45 ya\u015f sonras\u0131 yeti\u015fkinlerde de \u015fizofreni g\u00f6r\u00fclebilir. \u015eizofreni genellikle yava\u015f ba\u015flar ve belirtilerini zaman i\u00e7inde g\u00f6sterir.<\/p>\n<p>\u015eizofreni bir\u00e7ok risk fakt\u00f6r\u00fcn\u00fcn bir araya gelmesiyle olu\u015fur. Bu fakt\u00f6rlerin hi\u00e7biri \u015fizofreniye tek ba\u015f\u0131na yol a\u00e7maz. Baz\u0131lar\u0131 yatk\u0131nl\u0131\u011fa sebep olurken baz\u0131lar\u0131 da tetikleyici bir i\u015fleve sahiptir. \u015eizofreni geli\u015fiminin d\u00fc\u015f\u00fck\/y\u00fcksek zekayla hi\u00e7bir ili\u015fkisi yoktur. \u015eizofreni ki\u015finin di\u011fer insanlarla ileti\u015fimini, e\u011fitimini, \u00e7al\u0131\u015fmas\u0131n\u0131 veya g\u00fcnl\u00fck i\u015flerini \u00fcstesinden gelmesini zorla\u015ft\u0131rabilir. \u015eizofreni hastalar\u0131 san\u0131ld\u0131\u011f\u0131n\u0131n aksine tehlikeli veya sald\u0131rgan de\u011fillerdir.<\/p>\n<p>\u015eizofreni nedenleri; beyin kimyasallar\u0131nda, \u00f6zellikle de dopamin ve glutamatta meydana gelen sorunlar, genetik yatk\u0131nl\u0131k, birtak\u0131m vir\u00fcslere maruz kalma ,do\u011fum \u00f6ncesi ve sonras\u0131 ya\u015fanan problemler, artm\u0131\u015f ba\u011f\u0131\u015f\u0131kl\u0131k sistemi yan\u0131tlar\u0131 (otoimm\u00fcn hastal\u0131klar\u0131),ergenlik d\u00f6neminde psikolojik ila\u00e7 ile uyu\u015fturucu kullan\u0131m\u0131 ve travmatik ya\u015fam olaylar\u0131 (istismar, yas, i\u015fsiz kalma vb.) olarak s\u0131ralanabilir.<\/p>\n<p>\u015eizofreni belirtileri ise; uyuma ve konsantrasyonda s\u00fcrekli zorluk, sosyal durumlara uygun olmayan davran\u0131\u015flar, yak\u0131nlara kar\u015f\u0131 s\u00fcrekli k\u0131zg\u0131n ve korku verici bir tutum i\u00e7inde olma, s\u0131ra d\u0131\u015f\u0131 konu\u015fma, d\u00fc\u015f\u00fcnme ve yazma bi\u00e7imleri, olmayan \u015feyleri duyma ve g\u00f6rme, s\u00fcrekli takip ediliyormu\u015f hissi ta\u015f\u0131ma, sosyal ortamlardan \u00e7ekilme, e\u011fitim veya i\u015f ba\u015far\u0131s\u0131nda d\u00fc\u015f\u00fc\u015f, ki\u015filikte de\u011fi\u015fimler ve \u00f6nemli olaylara kar\u015f\u0131 kay\u0131ts\u0131z kalma \u015feklindedir.<\/p>\n<p>\u00dcr\u00fcn\u00fcm\u00fcz \u015fizofreni rahats\u0131zl\u0131\u011f\u0131n\u0131\u00a0 gidermek \u00fczere \u00fcretilmi\u015ftir. K\u0131sa zamanda rahats\u0131zl\u0131klar\u0131n azalmas\u0131na iki ay ve daha uzun s\u00fcreli kullan\u0131mda tam olarak iyile\u015fmeye yard\u0131mc\u0131 olur.<\/p>\n<p>&nbsp;<\/p>\n<p>&nbsp;<\/p>\n","protected":false},"excerpt":{"rendered":"<p><strong>\u0130\u00e7indekiler:<\/strong> Al\u0131\u00e7 Yapra\u011f\u0131, Kantaron, \u00c7\u00f6rekotu, Ekinezya, Mabet Otu, Meyan K\u00f6k\u00fc, Ke\u00e7iboynuzu Pekmezi. Net 210 gr. \u00b1 5 gr.<\/p>\n<p><strong>Kullan\u0131m:<\/strong> Midesinde rahats\u0131zl\u0131k olmayanlar\u0131n sabah, ak\u015fam yemeklerden 30dk \u00f6nce; midesinde rahats\u0131zl\u0131k olanlar\u0131n ise yemeklerden iki saat sonra bir \u00e7ay ka\u015f\u0131\u011f\u0131 macunu su ile yutmas\u0131 ve en az iki kutu kullan\u0131lmas\u0131 tavsiye edilir. Son kutunun iki haftal\u0131k kullan\u0131m\u0131 sonras\u0131, al\u0131nan miktar gitgide azalt\u0131larak(\u00fc\u00e7\u00fcnc\u00fc hafta yar\u0131m \u00e7ay ka\u015f\u0131\u011f\u0131na, sonras\u0131nda ise \u00e7eyrek \u00e7ay ka\u015f\u0131\u011f\u0131na d\u00fc\u015f\u00fcr\u00fclerek) sonland\u0131r\u0131l\u0131r.<\/p>\n<p><strong>Saklama ko\u015fullar\u0131 ve uyar\u0131lar:<\/strong> Hamile ve emziren bayanlar\u0131n kullanmas\u0131 tavsiye edilmez. Tavsiye edilen g\u00fcnl\u00fck dozu a\u015fmay\u0131n\u0131z. \u00c7ocuklar\u0131n ula\u015famayaca\u011f\u0131 yerde saklay\u0131n\u0131z. Serin ve kuru yerde muhafaza ediniz. Emniyet band\u0131 \u00a0y\u0131rt\u0131lm\u0131\u015f \u00fcr\u00fcnleri sat\u0131n almay\u0131n\u0131z. \u015e\u0130FAV\u0130<\/p>\n<p><strong>S\u0130PAR\u0130\u015e\u0130N\u0130ZLE \u0130LG\u0130L\u0130 HER T\u00dcRL\u00dc SORULARINIZ \u0130\u00c7\u0130N;<\/strong><\/p>\n<p class=\"western\"><strong>M\u00dc\u015eTER\u0130 TEMS\u0130LC\u0130L\u0130\u011e\u0130\u00a0 0216 418 34 34<br \/>\n<\/strong><\/p>\n<p>&nbsp;<\/p>\n","protected":false},"featured_media":5889,"comment_status":"open","ping_status":"closed","template":"","meta":[],"product_brand":[],"product_cat":[145],"product_tag":[],"class_list":{"0":"post-6351","1":"product","2":"type-product","3":"status-publish","4":"has-post-thumbnail","6":"product_cat-genel","8":"first","9":"instock","10":"sale","11":"downloadable","12":"virtual","13":"purchasable","14":"product-type-simple"},"_links":{"self":[{"href":"https:\/\/sifaistanbul.com\/index.php?rest_route=\/wp\/v2\/product\/6351","targetHints":{"allow":["GET"]}}],"collection":[{"href":"https:\/\/sifaistanbul.com\/index.php?rest_route=\/wp\/v2\/product"}],"about":[{"href":"https:\/\/sifaistanbul.com\/index.php?rest_route=\/wp\/v2\/types\/product"}],"replies":[{"embeddable":true,"href":"https:\/\/sifaistanbul.com\/index.php?rest_route=%2Fwp%2Fv2%2Fcomments&post=6351"}],"wp:featuredmedia":[{"embeddable":true,"href":"https:\/\/sifaistanbul.com\/index.php?rest_route=\/wp\/v2\/media\/5889"}],"wp:attachment":[{"href":"https:\/\/sifaistanbul.com\/index.php?rest_route=%2Fwp%2Fv2%2Fmedia&parent=6351"}],"wp:term":[{"taxonomy":"product_brand","embeddable":true,"href":"https:\/\/sifaistanbul.com\/index.php?rest_route=%2Fwp%2Fv2%2Fproduct_brand&post=6351"},{"taxonomy":"product_cat","embeddable":true,"href":"https:\/\/sifaistanbul.com\/index.php?rest_route=%2Fwp%2Fv2%2Fproduct_cat&post=6351"},{"taxonomy":"product_tag","embeddable":true,"href":"https:\/\/sifaistanbul.com\/index.php?rest_route=%2Fwp%2Fv2%2Fproduct_tag&post=6351"}],"curies":[{"name":"wp","href":"https:\/\/api.w.org\/{rel}","templated":true}]}}