{"id":6374,"date":"2022-07-15T18:22:49","date_gmt":"2022-07-15T15:22:49","guid":{"rendered":"http:\/\/devaistanbul.com\/?post_type=product&#038;p=6374"},"modified":"2026-04-11T12:59:05","modified_gmt":"2026-04-11T09:59:05","slug":"seboderm","status":"publish","type":"product","link":"https:\/\/sifaistanbul.com\/?product=seboderm","title":{"rendered":"<center><strong>SEBODERM KREM<\/strong><\/center> (Sa\u00e7 dibi kabuklanmalar\u0131)"},"content":{"rendered":"<p>Seboreik dermatit, \u00f6zellikle kafa derisini etkileyen bir deri hastal\u0131\u011f\u0131d\u0131r. Bu hastal\u0131k ciltte k\u0131zarmaya, pullanmaya ve kepeklenmeye neden olur. Sa\u00e7l\u0131 deri d\u0131\u015f\u0131nda ka\u015flar, burun kenarlar\u0131, g\u00f6\u011f\u00fcs aras\u0131, s\u0131rt ortas\u0131, kulak ve v\u00fccut k\u0131vr\u0131mlar\u0131 gibi sebase (ya\u011f) bezlerin en aktif oldu\u011fu b\u00f6lgelerde de g\u00f6r\u00fclebilir. Bebeklerin kafa derisinde konak olarak bilinen problemin ortaya \u00e7\u0131kmas\u0131na neden olur.<\/p>\n<p>En s\u0131k kar\u015f\u0131la\u015f\u0131lan belirtileri; kafa derisinde, ka\u015flarda veya sakalda kepeklenme, ciltte k\u0131zar\u0131kl\u0131k ve ka\u015f\u0131nt\u0131; kafa derisinde, y\u00fczde, koltuk altlar\u0131nda, g\u00f6\u011f\u00fcste, meme altlar\u0131nda sar\u0131ms\u0131 beyaz\u0131ms\u0131 kabuklanma olarak s\u0131ralanabilir.Bu belirtiler; stres, mevsim ge\u00e7i\u015fi, so\u011fuk ve kuru hava gibi durumlarda \u015fiddetlenme e\u011filimindedir.<\/p>\n<p>Seboreik dermatite neden olan durumlar hen\u00fcz tam olarak ayd\u0131nlat\u0131lamam\u0131\u015ft\u0131r. Ancak uzmanlar\u0131n hastal\u0131k geli\u015fiminde etkili olabilece\u011fini d\u00fc\u015f\u00fcnd\u00fc\u011f\u00fc baz\u0131 durumlar s\u00f6z konusudur. Bunlardan ilki Malassezia Furfur ad\u0131 verilen mantar cinsinin ciltteki ya\u011f \u00fcretiminden sorumlu k\u0131s\u0131mlar\u0131 etkilemesiyle ortaya \u00e7\u0131kar. Normalde Malassezia furfur mantar\u0131 normal, sa\u011fl\u0131kl\u0131 ciltte de bulunur. Ancak cildi ya\u011flanmaya e\u011filimli olan ki\u015filerde ya da ba\u011f\u0131\u015f\u0131kl\u0131k sisteminin zay\u0131flad\u0131\u011f\u0131 durumlarda bu mantar yay\u0131larak cilt problemlerine neden olabilir. Seboreik dermatit geli\u015fiminde rol oynayabilece\u011fi d\u00fc\u015f\u00fcn\u00fclen di\u011fer durumlar ise ba\u011f\u0131\u015f\u0131kl\u0131k sisteminin zay\u0131flamas\u0131, sinirsel rahats\u0131zl\u0131klar, beslenmedeki de\u011fi\u015fikliklerdir (\u00e7inko eksikli\u011fi, niasin ve pridoksin eksikli\u011fi).<\/p>\n<p class=\"western\">Seboderm, daha \u00e7ok sa\u00e7 aralar\u0131nda g\u00f6r\u00fclen kabuklanmalar\u0131 (seboreik dermatit) gidermek \u00fczere \u00fcretilmi\u015f, el, y\u00fcz ve v\u00fccut bak\u0131m kremidir. Ciltteki ve sa\u00e7 aralar\u0131ndaki kabuklanmalar\u0131 giderip, yenilenmesini sa\u011flar. Cildi yumu\u015fat\u0131r, besler. Uzun s\u00fcreli kullan\u0131ma uygundur.<\/p>\n<h2><\/h2>\n","protected":false},"excerpt":{"rendered":"<p><strong>\u0130\u00e7indekiler:<\/strong> Sarma\u015f\u0131k, At Kestanesi, \u00dcz\u00fcm \u00c7ekirde\u011fi, Susam Ya\u011f\u0131. Net 100 ml.<\/p>\n<p><strong>Kullan\u0131m:<\/strong> Haricen kullan\u0131l\u0131r. G\u00fcnde iki ya da \u00fc\u00e7 kere cilde yedirilerek s\u00fcr\u00fcl\u00fcr. T\u00fcm cilt tiplerine uygundur.<\/p>\n<p><strong>Saklama ko\u015fullar\u0131 ve uyar\u0131lar:<\/strong> G\u00f6ze temas ettirmeyiniz. \u00c7ocuklar\u0131n ula\u015famayaca\u011f\u0131 yerde saklay\u0131n\u0131z. Serin ve kuru yerde muhafaza ediniz. \u015e\u0130FAV\u0130<\/p>\n<p><strong>S\u0130PAR\u0130\u015e\u0130N\u0130ZLE \u0130LG\u0130L\u0130 HER T\u00dcRL\u00dc SORULARINIZ \u0130\u00c7\u0130N;<\/strong><\/p>\n<p class=\"western\"><strong>M\u00dc\u015eTER\u0130 TEMS\u0130LC\u0130L\u0130\u011e\u0130\u00a0 0216 418 34 34<br \/>\n<\/strong><\/p>\n","protected":false},"featured_media":5930,"comment_status":"open","ping_status":"closed","template":"","meta":[],"product_brand":[],"product_cat":[234,145],"product_tag":[],"class_list":{"0":"post-6374","1":"product","2":"type-product","3":"status-publish","4":"has-post-thumbnail","6":"product_cat-sadik","7":"product_cat-genel","9":"first","10":"instock","11":"sale","12":"downloadable","13":"virtual","14":"purchasable","15":"product-type-simple"},"_links":{"self":[{"href":"https:\/\/sifaistanbul.com\/index.php?rest_route=\/wp\/v2\/product\/6374","targetHints":{"allow":["GET"]}}],"collection":[{"href":"https:\/\/sifaistanbul.com\/index.php?rest_route=\/wp\/v2\/product"}],"about":[{"href":"https:\/\/sifaistanbul.com\/index.php?rest_route=\/wp\/v2\/types\/product"}],"replies":[{"embeddable":true,"href":"https:\/\/sifaistanbul.com\/index.php?rest_route=%2Fwp%2Fv2%2Fcomments&post=6374"}],"wp:featuredmedia":[{"embeddable":true,"href":"https:\/\/sifaistanbul.com\/index.php?rest_route=\/wp\/v2\/media\/5930"}],"wp:attachment":[{"href":"https:\/\/sifaistanbul.com\/index.php?rest_route=%2Fwp%2Fv2%2Fmedia&parent=6374"}],"wp:term":[{"taxonomy":"product_brand","embeddable":true,"href":"https:\/\/sifaistanbul.com\/index.php?rest_route=%2Fwp%2Fv2%2Fproduct_brand&post=6374"},{"taxonomy":"product_cat","embeddable":true,"href":"https:\/\/sifaistanbul.com\/index.php?rest_route=%2Fwp%2Fv2%2Fproduct_cat&post=6374"},{"taxonomy":"product_tag","embeddable":true,"href":"https:\/\/sifaistanbul.com\/index.php?rest_route=%2Fwp%2Fv2%2Fproduct_tag&post=6374"}],"curies":[{"name":"wp","href":"https:\/\/api.w.org\/{rel}","templated":true}]}}