{"id":6924,"date":"2016-09-21T13:51:57","date_gmt":"2016-09-21T10:51:57","guid":{"rendered":"https:\/\/devaistanbul.com\/?post_type=product&#038;p=6924"},"modified":"2026-04-06T16:45:08","modified_gmt":"2026-04-06T13:45:08","slug":"super-iq","status":"publish","type":"product","link":"https:\/\/sifaistanbul.com\/?product=super-iq","title":{"rendered":"<center>S\u00dcPER IQ<center>(Kar\u0131\u015f\u0131k bitki \u00e7ay\u0131)<center><center>"},"content":{"rendered":"<p><span style=\"color: #333333;\">Zek\u00e2, yeni do\u011fmu\u015f bir \u00e7ocukta potansiyel olarak vard\u0131r, zamanla olgunla\u015f\u0131r. Fikr\u00ee geli\u015fimin en h\u0131zl\u0131 oldu\u011fu zaman onuncu ya\u015fa kadar olan d\u00f6nemdir. Zek\u00e2n\u0131n geli\u015fmesi, beynin ve sinir sisteminin olgunla\u015fmas\u0131na dayan\u0131r. Normal olarak, zek\u00e2, do\u011fu\u015ftan itibaren \u015fahs\u0131n olgunlu\u011fa erdi\u011fi 15-25 ya\u015flara kadar devaml\u0131 olarak artmaktad\u0131r. Fizik\u00ee ve beden\u00ee b\u00fcy\u00fcme ve geli\u015fmede de oldu\u011fu gibi, zek\u00e2daki geli\u015fme ilk be\u015f senesinde \u00e7ok s\u00fcratli olmas\u0131na mukabil, 15-20li ya\u015flarda gitgide yava\u015flamakta ve 25 ya\u015f\u0131ndan sonra geli\u015fme tamamiyle durmaktad\u0131r. 25 ya\u015f\u0131na kadar geli\u015fen zek\u00e2, ondan sonra 7-8 senelik bir duraklamay\u0131 takiben 30 lu ya\u015flardan sonra h\u0131zla zay\u0131flamaktad\u0131r.<\/span><\/p>\n<p>\u00dcr\u00fcn\u00fcm\u00fcz, 7 ya\u015f \u00fcst\u00fc \u00e7ocuklarda ve gen\u00e7lerde zeka geli\u015fimini h\u0131zland\u0131rmak ve kapasitesini art\u0131rmak, orta ya\u015f ve \u00fcst\u00fc ya\u015flardakilerde ise zamanla zay\u0131flayan ve kapasitesi d\u00fc\u015fen zeka yetene\u011fini\u00a0 geli\u015ftirmek ve kapasitesini art\u0131rmak amac\u0131yla \u00fcretilmi\u015ftir. Son derece etkili olup; k\u0131sa s\u00fcreli kullan\u0131mda varsa \u015fikayetlerin azalmas\u0131na, iki ay ve daha uzun s\u00fcreli kullan\u0131mda ise tam olarak kapasitenin kullan\u0131lmas\u0131na yard\u0131mc\u0131 olur.<\/p>\n<h2 class=\"western\"><\/h2>\n<div>\n<div class=\"summary entry-summary\">\n<div id=\"product-tabs\" class=\"woocommerce-tabs wc-tabs-wrapper\"><\/div>\n<\/div>\n<\/div>\n<p>&nbsp;<\/p>\n<p>&nbsp;<\/p>\n","protected":false},"excerpt":{"rendered":"<p><strong>\u0130\u00e7indekiler:<\/strong> Ada\u00e7ay\u0131, Al\u0131\u00e7 Yapra\u011f\u0131, Biberiye, \u00c7oban \u00c7\u00f6kerten, Ginkgo Biloba, Fesle\u011fen, Is\u0131rgan. Net 90 gr. \u00b1 2 gr.<\/p>\n<p><strong>Kullan\u0131m:<\/strong> Bir su barda\u011f\u0131 kaynar suya bir tatl\u0131 ka\u015f\u0131\u011f\u0131 kar\u0131\u015f\u0131m \u00e7ay ekleyip 20 dk. demlendikten sonra s\u00fcz\u00fcp i\u00e7iniz. \u0130ste\u011fe g\u00f6re \u00a0bal, pekmez, \u015feker \u00a0ile tatland\u0131r\u0131labilir. Midesinde rahats\u0131zl\u0131k olmayanlar\u0131n sabah, ak\u015fam yemeklerden 30 dk. \u00f6nce; midesinde rahats\u0131zl\u0131k olanlar\u0131n ise, yemeklerden 2 saat sonra i\u00e7meleri tavsiye edilir.<\/p>\n<p><strong>Saklama ko\u015fullar\u0131 ve uyar\u0131lar:<\/strong> Hamile ve emziren bayanlar\u0131n kullanmas\u0131 tavsiye edilmez. Tavsiye edilen g\u00fcnl\u00fck dozu a\u015fmay\u0131n\u0131z. \u00c7ocuklar\u0131n ula\u015famayaca\u011f\u0131 yerde saklay\u0131n\u0131z. Serin ve kuru yerde muhafaza ediniz. Emniyet band\u0131 \u00a0y\u0131rt\u0131lm\u0131\u015f \u00fcr\u00fcnleri sat\u0131n almay\u0131n\u0131z. \u015e\u0130FAV\u0130<\/p>\n<p>&nbsp;<\/p>\n<p><strong>S\u0130PAR\u0130\u015e\u0130N\u0130ZLE \u0130LG\u0130L\u0130 HER T\u00dcRL\u00dc SORULARINIZ \u0130\u00c7\u0130N;<\/strong><\/p>\n<p class=\"western\"><strong>M\u00dc\u015eTER\u0130 TEMS\u0130LC\u0130L\u0130\u011e\u0130\u00a0 0216 418 34 34<br \/>\n<\/strong><\/p>\n","protected":false},"featured_media":5727,"comment_status":"open","ping_status":"closed","template":"","meta":[],"product_brand":[],"product_cat":[145],"product_tag":[],"class_list":{"0":"post-6924","1":"product","2":"type-product","3":"status-publish","4":"has-post-thumbnail","6":"product_cat-genel","8":"first","9":"instock","10":"sale","11":"downloadable","12":"virtual","13":"purchasable","14":"product-type-simple"},"_links":{"self":[{"href":"https:\/\/sifaistanbul.com\/index.php?rest_route=\/wp\/v2\/product\/6924","targetHints":{"allow":["GET"]}}],"collection":[{"href":"https:\/\/sifaistanbul.com\/index.php?rest_route=\/wp\/v2\/product"}],"about":[{"href":"https:\/\/sifaistanbul.com\/index.php?rest_route=\/wp\/v2\/types\/product"}],"replies":[{"embeddable":true,"href":"https:\/\/sifaistanbul.com\/index.php?rest_route=%2Fwp%2Fv2%2Fcomments&post=6924"}],"wp:featuredmedia":[{"embeddable":true,"href":"https:\/\/sifaistanbul.com\/index.php?rest_route=\/wp\/v2\/media\/5727"}],"wp:attachment":[{"href":"https:\/\/sifaistanbul.com\/index.php?rest_route=%2Fwp%2Fv2%2Fmedia&parent=6924"}],"wp:term":[{"taxonomy":"product_brand","embeddable":true,"href":"https:\/\/sifaistanbul.com\/index.php?rest_route=%2Fwp%2Fv2%2Fproduct_brand&post=6924"},{"taxonomy":"product_cat","embeddable":true,"href":"https:\/\/sifaistanbul.com\/index.php?rest_route=%2Fwp%2Fv2%2Fproduct_cat&post=6924"},{"taxonomy":"product_tag","embeddable":true,"href":"https:\/\/sifaistanbul.com\/index.php?rest_route=%2Fwp%2Fv2%2Fproduct_tag&post=6924"}],"curies":[{"name":"wp","href":"https:\/\/api.w.org\/{rel}","templated":true}]}}