{"id":7394,"date":"2023-11-02T12:19:15","date_gmt":"2023-11-02T09:19:15","guid":{"rendered":"https:\/\/devaistanbul.com\/?post_type=product&#038;p=7394"},"modified":"2026-04-11T15:07:35","modified_gmt":"2026-04-11T12:07:35","slug":"asdef-kremsedef-rahatsizligi","status":"publish","type":"product","link":"https:\/\/sifaistanbul.com\/?product=asdef-kremsedef-rahatsizligi","title":{"rendered":"<center>ASDEF KREM<center>(Sedef rahats\u0131zl\u0131\u011f\u0131)"},"content":{"rendered":"<h2 class=\"post-spot mb-0 pt-2 pb-2\"><\/h2>\n<p class=\"post-spot mb-0 pt-2 pb-2\">Derideki sedefi ve beyaz renkteki kepeklenmelere sebep olan d\u00f6k\u00fcnt\u00fclerle kendisini g\u00f6steren sedef hastal\u0131\u011f\u0131; bazen \u015fiddetli ka\u015f\u0131nt\u0131lara neden olan, insandan insana bula\u015fmayan, \u00a0yayg\u0131n olarak ataklarla beraber g\u00f6r\u00fclen ve genelde uzun s\u00fcren bir hastal\u0131kt\u0131r. Bu rahats\u0131zl\u0131k farkl\u0131 g\u00f6r\u00fcn\u00fcmlerle kar\u015f\u0131m\u0131za \u00e7\u0131kabilir. Plak tipi sedef en s\u0131k g\u00f6r\u00fclenidir. Sa\u011flam deriden keskin bir s\u0131n\u0131r ile ayr\u0131l\u0131r. Deride kabar\u0131k k\u0131zar\u0131kl\u0131klar\u0131n \u00fcst\u00fcn\u00fc kaplayan, hastal\u0131\u011fa ismini veren g\u00fcm\u00fc\u015f ya da sedef renkteki kepeklenmeler \u015feklinde kendini belli eder.<\/p>\n<p>Asdef Krem, cildi yumu\u015fatma \u00f6zelli\u011fi ile k\u0131sa zamanda sedefli b\u00f6lgelerdeki kurulu\u011fun ve ka\u015f\u0131nt\u0131n\u0131n azal\u0131p, nemlenmenin artmas\u0131na, kabuklanman\u0131n ve k\u0131zar\u0131kl\u0131\u011f\u0131n gitmesine yard\u0131mc\u0131 olur. Uzun s\u00fcreli kullan\u0131ma uygundur. ASEDA adl\u0131 macun formundaki \u00fcr\u00fcn\u00fcm\u00fczle birlikte kullan\u0131ld\u0131\u011f\u0131nda daha \u00e7abuk sonu\u00e7 al\u0131n\u0131r.<\/p>\n<p>&nbsp;<\/p>\n","protected":false},"excerpt":{"rendered":"<p><strong>\u0130\u00e7indekiler:<\/strong> Ayn\u0131sefa, Kantaron, Labada, Civan Per\u00e7emi, M\u0131s\u0131r P\u00fcsk\u00fcl\u00fc. Net 100 ml.<\/p>\n<p><strong>Kullan\u0131m:<\/strong> Haricen kullan\u0131l\u0131r. G\u00fcnde iki ya da \u00fc\u00e7 kere cilde yedirilerek s\u00fcr\u00fcl\u00fcr. T\u00fcm cilt tiplerine uygundur.<\/p>\n<p><strong>Saklama ko\u015fullar\u0131 ve uyar\u0131lar:<\/strong> G\u00f6ze temas ettirmeyiniz. \u00c7ocuklar\u0131n ula\u015famayaca\u011f\u0131 yerde saklay\u0131n\u0131z. Oda s\u0131cakl\u0131\u011f\u0131nda muhafaza ediniz. \u015e\u0130FAV\u0130<\/p>\n<p><strong>S\u0130PAR\u0130\u015e\u0130N\u0130ZLE \u0130LG\u0130L\u0130 HER T\u00dcRL\u00dc SORULARINIZ \u0130\u00c7\u0130N;<\/strong><\/p>\n<p class=\"western\"><strong>M\u00dc\u015eTER\u0130 TEMS\u0130LC\u0130L\u0130\u011e\u0130\u00a0 0216 418 34 34<br \/>\n<\/strong><\/p>\n<p>&nbsp;<\/p>\n","protected":false},"featured_media":7442,"comment_status":"open","ping_status":"closed","template":"","meta":[],"product_brand":[],"product_cat":[185,145],"product_tag":[],"class_list":{"0":"post-7394","1":"product","2":"type-product","3":"status-publish","4":"has-post-thumbnail","6":"product_cat-sdf","7":"product_cat-genel","9":"first","10":"instock","11":"sale","12":"downloadable","13":"virtual","14":"purchasable","15":"product-type-simple"},"_links":{"self":[{"href":"https:\/\/sifaistanbul.com\/index.php?rest_route=\/wp\/v2\/product\/7394","targetHints":{"allow":["GET"]}}],"collection":[{"href":"https:\/\/sifaistanbul.com\/index.php?rest_route=\/wp\/v2\/product"}],"about":[{"href":"https:\/\/sifaistanbul.com\/index.php?rest_route=\/wp\/v2\/types\/product"}],"replies":[{"embeddable":true,"href":"https:\/\/sifaistanbul.com\/index.php?rest_route=%2Fwp%2Fv2%2Fcomments&post=7394"}],"wp:featuredmedia":[{"embeddable":true,"href":"https:\/\/sifaistanbul.com\/index.php?rest_route=\/wp\/v2\/media\/7442"}],"wp:attachment":[{"href":"https:\/\/sifaistanbul.com\/index.php?rest_route=%2Fwp%2Fv2%2Fmedia&parent=7394"}],"wp:term":[{"taxonomy":"product_brand","embeddable":true,"href":"https:\/\/sifaistanbul.com\/index.php?rest_route=%2Fwp%2Fv2%2Fproduct_brand&post=7394"},{"taxonomy":"product_cat","embeddable":true,"href":"https:\/\/sifaistanbul.com\/index.php?rest_route=%2Fwp%2Fv2%2Fproduct_cat&post=7394"},{"taxonomy":"product_tag","embeddable":true,"href":"https:\/\/sifaistanbul.com\/index.php?rest_route=%2Fwp%2Fv2%2Fproduct_tag&post=7394"}],"curies":[{"name":"wp","href":"https:\/\/api.w.org\/{rel}","templated":true}]}}