{"id":7426,"date":"2023-12-06T19:44:41","date_gmt":"2023-12-06T16:44:41","guid":{"rendered":"https:\/\/devaistanbul.com\/?post_type=product&#038;p=7426"},"modified":"2026-04-11T16:05:02","modified_gmt":"2026-04-11T13:05:02","slug":"akelok-kremkeloid-rahatsizligi","status":"publish","type":"product","link":"https:\/\/sifaistanbul.com\/?product=akelok-kremkeloid-rahatsizligi","title":{"rendered":"<center>AKELOK KREM<center>(Keloid rahats\u0131zl\u0131\u011f\u0131)"},"content":{"rendered":"<p align=\"LEFT\"><span style=\"color: #000000;\"><span style=\"font-family: Times New Roman, serif;\"><span style=\"font-size: medium;\">Cilt yaraland\u0131\u011f\u0131nda yaralanmay\u0131 onarmak ve korumak i\u00e7in yaran\u0131n \u00fczerinde yara dokusu ad\u0131 verilen lifli doku olu\u015fur. Baz\u0131 durumlarda, bu doku a\u015f\u0131r\u0131 b\u00fcy\u00fcr ve keloider olarak adland\u0131r\u0131lan p\u00fcr\u00fczs\u00fcz, sert b\u00fcy\u00fcmeler olu\u015fturur. Keloidler orijinal yaradan \u00e7ok daha b\u00fcy\u00fck olabilir. En s\u0131k g\u00f6\u011f\u00fcs, omuz, kulak memesi ve yanaklarda bulunurlar. Bununla birlikte, keloidler v\u00fccudun herhangi bir b\u00f6l\u00fcm\u00fcn\u00fc etkileyebilir.<\/span><\/span><\/span><\/p>\n<p><span style=\"font-family: 'Times New Roman', serif; color: #000000;\"><span style=\"font-size: medium;\">Ka\u015f\u0131nt\u0131l\u0131 olmalar\u0131 d\u0131\u015f\u0131nda sa\u011fl\u0131\u011fa zararl\u0131 etkileri yoktur. Bazen hassasiyet g\u00f6r\u00fcl\u00fcrken, s\u00fcrt\u00fcnme ile tahri\u015f olabilir. Nadiren v\u00fccudun daha geni\u015f y\u00fczeylerini veya eklemleri kaplayarak, gerginlik olu\u015fturur ve hareketleri k\u0131s\u0131tlayabilir. Sa\u011fl\u0131k problemi olu\u015fturmaktan \u00e7ok kozmetik sorun olu\u015ftururlar (\u00f6zellikle geni\u015f alanlar\u0131 kaplad\u0131\u011f\u0131nda, y\u00fcz ve kulaklar gibi g\u00f6r\u00fcnen yerlerde oldu\u011funda). <\/span><\/span><\/p>\n<p align=\"LEFT\"><span style=\"font-family: 'Times New Roman', serif; color: #000000;\"><span style=\"font-size: medium;\">Akelok isimli kremimiz d\u00fczenli kullan\u0131ld\u0131\u011f\u0131nda, keloid g\u00f6r\u00fcn\u00fcm\u00fcn\u00fc azaltmaya yard\u0131mc\u0131 olur ve cildin iyile\u015fme s\u00fcrecini destekler. Uzun s\u00fcreli kullan\u0131ma uygundur. AKELO adl\u0131 \u00e7ay formundaki \u00fcr\u00fcn\u00fcm\u00fczle birlikte kullan\u0131ld\u0131\u011f\u0131nda daha \u00e7abuk sonu\u00e7 al\u0131n\u0131r. <\/span><\/span><\/p>\n<p>&nbsp;<\/p>\n","protected":false},"excerpt":{"rendered":"<p><strong>\u0130\u00e7indekiler:<\/strong> Sar\u0131sab\u0131r, K\u0131rlang\u0131\u00e7 Otu, Pelin Otu, Ada\u00e7ay\u0131, Okalipt\u00fcs, Badem Ya\u011f\u0131. Net 100 ml.<\/p>\n<p><strong>Kullan\u0131m:<\/strong> Haricen kullan\u0131l\u0131r. G\u00fcnde iki ya da \u00fc\u00e7 kere cilde yedirilerek s\u00fcr\u00fcl\u00fcr. T\u00fcm cilt tiplerine uygundur.<\/p>\n<p><strong>Saklama ko\u015fullar\u0131 ve uyar\u0131lar:<\/strong> G\u00f6ze temas ettirmeyiniz. \u00c7ocuklar\u0131n ula\u015famayaca\u011f\u0131 yerde saklay\u0131n\u0131z. Oda s\u0131cakl\u0131\u011f\u0131nda muhafaza ediniz. \u015e\u0130FAV\u0130<\/p>\n<p><strong>S\u0130PAR\u0130\u015e\u0130N\u0130ZLE \u0130LG\u0130L\u0130 HER T\u00dcRL\u00dc SORULARINIZ \u0130\u00c7\u0130N;<\/strong><\/p>\n<p class=\"western\"><strong>M\u00dc\u015eTER\u0130 TEMS\u0130LC\u0130L\u0130\u011e\u0130\u00a0 0216 418 34 34<br \/>\n<\/strong><\/p>\n<p>&nbsp;<\/p>\n","protected":false},"featured_media":7443,"comment_status":"open","ping_status":"closed","template":"","meta":[],"product_brand":[],"product_cat":[272,145],"product_tag":[],"class_list":{"0":"post-7426","1":"product","2":"type-product","3":"status-publish","4":"has-post-thumbnail","6":"product_cat-keloid","7":"product_cat-genel","9":"first","10":"instock","11":"sale","12":"downloadable","13":"virtual","14":"purchasable","15":"product-type-simple"},"_links":{"self":[{"href":"https:\/\/sifaistanbul.com\/index.php?rest_route=\/wp\/v2\/product\/7426","targetHints":{"allow":["GET"]}}],"collection":[{"href":"https:\/\/sifaistanbul.com\/index.php?rest_route=\/wp\/v2\/product"}],"about":[{"href":"https:\/\/sifaistanbul.com\/index.php?rest_route=\/wp\/v2\/types\/product"}],"replies":[{"embeddable":true,"href":"https:\/\/sifaistanbul.com\/index.php?rest_route=%2Fwp%2Fv2%2Fcomments&post=7426"}],"wp:featuredmedia":[{"embeddable":true,"href":"https:\/\/sifaistanbul.com\/index.php?rest_route=\/wp\/v2\/media\/7443"}],"wp:attachment":[{"href":"https:\/\/sifaistanbul.com\/index.php?rest_route=%2Fwp%2Fv2%2Fmedia&parent=7426"}],"wp:term":[{"taxonomy":"product_brand","embeddable":true,"href":"https:\/\/sifaistanbul.com\/index.php?rest_route=%2Fwp%2Fv2%2Fproduct_brand&post=7426"},{"taxonomy":"product_cat","embeddable":true,"href":"https:\/\/sifaistanbul.com\/index.php?rest_route=%2Fwp%2Fv2%2Fproduct_cat&post=7426"},{"taxonomy":"product_tag","embeddable":true,"href":"https:\/\/sifaistanbul.com\/index.php?rest_route=%2Fwp%2Fv2%2Fproduct_tag&post=7426"}],"curies":[{"name":"wp","href":"https:\/\/api.w.org\/{rel}","templated":true}]}}