{"id":8250,"date":"2024-05-06T10:47:11","date_gmt":"2024-05-06T07:47:11","guid":{"rendered":"https:\/\/sifaistanbul.com\/?post_type=product&#038;p=8250"},"modified":"2026-04-11T16:09:56","modified_gmt":"2026-04-11T13:09:56","slug":"karfit-kremkarin-gobek-ve-kasik-fitiklari","status":"publish","type":"product","link":"https:\/\/sifaistanbul.com\/?product=karfit-kremkarin-gobek-ve-kasik-fitiklari","title":{"rendered":"<center>KARFIT KREM<center>(Kar\u0131n, g\u00f6bek ve kas\u0131k f\u0131t\u0131klar\u0131)"},"content":{"rendered":"<p>Ki\u015finin g\u00fcnl\u00fck hayat\u0131n\u0131 olumsuz olarak etkileyen kar\u0131n f\u0131t\u0131klar\u0131; i\u00e7 organlar\u0131n bir b\u00f6l\u00fcm\u00fcn\u00fcn, \u00e7o\u011funlukla ba\u011f\u0131rsa\u011f\u0131n bir par\u00e7as\u0131n\u0131n do\u011fal ortam\u0131ndan d\u0131\u015fa do\u011fru \u00e7\u0131kmas\u0131, deri alt\u0131da \u015fi\u015flik yaratmas\u0131 olarak tan\u0131mlan\u0131r.\u00a0 Tedavi edilmeyen kar\u0131n f\u0131t\u0131klar\u0131 zaman i\u00e7erisinde bas\u0131n\u00e7 nedeniyle giderek b\u00fcy\u00fcrler.<\/p>\n<p>F\u0131t\u0131k nedenleri aras\u0131nda; a\u011f\u0131r y\u00fck kald\u0131rmak, uzun s\u00fcre ayakta kalmak, fiziksel g\u00fc\u00e7 kullan\u0131larak yap\u0131lan a\u011f\u0131r i\u015fler, kronik \u00f6ks\u00fcr\u00fck, kar\u0131n i\u00e7inde s\u0131v\u0131 birikimi, \u0131k\u0131nma, h\u0131zla kilo almak, ameliyatlara ba\u011fl\u0131 kas kesileri ve gebelik say\u0131labilir. Genel olarak kar\u0131n b\u00f6lgesinde olan f\u0131t\u0131klarda kaslar\u0131n y\u0131rt\u0131lmas\u0131na ba\u011fl\u0131 olarak a\u011fr\u0131 ve cilt alt\u0131nda \u015fi\u015flik g\u00f6r\u00fcl\u00fcr. \u015ei\u015flik b\u00fcy\u00fcd\u00fck\u00e7e a\u011fr\u0131 azalsa da tedavi zorla\u015f\u0131r.<\/p>\n<p>Karf\u0131t krem; kas\u0131k, g\u00f6bek ve kar\u0131n f\u0131t\u0131\u011f\u0131 rahats\u0131zl\u0131klar\u0131n\u0131 gidermek \u00fczere \u00fcretilmi\u015ftir. Son derece etkili olup, bir ay gibi k\u0131sa zamanda etkisini g\u00f6sterir. \u0130ki ay ve daha uzun s\u00fcreli kullan\u0131mda ise tam iyile\u015fme sa\u011flanmas\u0131na yard\u0131mc\u0131 olur. Tedavi s\u00fcresince mutlaka korse kullan\u0131lmas\u0131 ve dikkatli hareket edilmesi tavsiye edilir. Uzun s\u00fcreli kullan\u0131ma uygundur.\u00a0 G\u00f6bek f\u0131t\u0131\u011f\u0131nda, Akarf\u0131t isimli bitkisel \u00e7ay\u0131m\u0131zla birlikte kullan\u0131ld\u0131\u011f\u0131nda daha \u00e7abuk netice almak m\u00fcmk\u00fcn olur.<\/p>\n<p>Bel ve boyun f\u0131t\u0131klar\u0131 i\u00e7in, Agroil isimli ya\u011f\u0131m\u0131z\u0131n kullan\u0131lmas\u0131 tavsiye edilir.<\/p>\n<p>&nbsp;<\/p>\n<p>&nbsp;<\/p>\n<p>&nbsp;<\/p>\n<p>&nbsp;<\/p>\n","protected":false},"excerpt":{"rendered":"<p><strong>\u0130\u00e7indekiler:<\/strong> Defne Yapra\u011f\u0131, Fesle\u011fen, Papatya, Rezene, S\u00f6\u011f\u00fct Kabu\u011fu, Maz\u0131, Hindistan Cevizi Ya\u011f\u0131. Net 100 ml.<\/p>\n<p><strong>Kullan\u0131m:<\/strong> Haricen kullan\u0131l\u0131r. G\u00fcnde iki ya da \u00fc\u00e7 kere cilde yedirilerek s\u00fcr\u00fcl\u00fcr. T\u00fcm cilt tiplerine uygundur.<\/p>\n<p><strong>Saklama ko\u015fullar\u0131 ve uyar\u0131lar:<\/strong> G\u00f6ze temas ettirmeyiniz. \u00c7ocuklar\u0131n ula\u015famayaca\u011f\u0131 yerde saklay\u0131n\u0131z. Oda s\u0131cakl\u0131\u011f\u0131nda muhafaza ediniz. \u015e\u0130FAV\u0130<\/p>\n<p><strong>S\u0130PAR\u0130\u015e\u0130N\u0130ZLE \u0130LG\u0130L\u0130 HER T\u00dcRL\u00dc SORULARINIZ \u0130\u00c7\u0130N;<\/strong><\/p>\n<p class=\"western\"><strong>M\u00dc\u015eTER\u0130 TEMS\u0130LC\u0130L\u0130\u011e\u0130\u00a0 0216 418 34 34<br \/>\n<\/strong><\/p>\n","protected":false},"featured_media":8253,"comment_status":"open","ping_status":"closed","template":"","meta":[],"product_brand":[],"product_cat":[145],"product_tag":[],"class_list":{"0":"post-8250","1":"product","2":"type-product","3":"status-publish","4":"has-post-thumbnail","6":"product_cat-genel","8":"first","9":"instock","10":"sale","11":"downloadable","12":"virtual","13":"purchasable","14":"product-type-simple"},"_links":{"self":[{"href":"https:\/\/sifaistanbul.com\/index.php?rest_route=\/wp\/v2\/product\/8250","targetHints":{"allow":["GET"]}}],"collection":[{"href":"https:\/\/sifaistanbul.com\/index.php?rest_route=\/wp\/v2\/product"}],"about":[{"href":"https:\/\/sifaistanbul.com\/index.php?rest_route=\/wp\/v2\/types\/product"}],"replies":[{"embeddable":true,"href":"https:\/\/sifaistanbul.com\/index.php?rest_route=%2Fwp%2Fv2%2Fcomments&post=8250"}],"wp:featuredmedia":[{"embeddable":true,"href":"https:\/\/sifaistanbul.com\/index.php?rest_route=\/wp\/v2\/media\/8253"}],"wp:attachment":[{"href":"https:\/\/sifaistanbul.com\/index.php?rest_route=%2Fwp%2Fv2%2Fmedia&parent=8250"}],"wp:term":[{"taxonomy":"product_brand","embeddable":true,"href":"https:\/\/sifaistanbul.com\/index.php?rest_route=%2Fwp%2Fv2%2Fproduct_brand&post=8250"},{"taxonomy":"product_cat","embeddable":true,"href":"https:\/\/sifaistanbul.com\/index.php?rest_route=%2Fwp%2Fv2%2Fproduct_cat&post=8250"},{"taxonomy":"product_tag","embeddable":true,"href":"https:\/\/sifaistanbul.com\/index.php?rest_route=%2Fwp%2Fv2%2Fproduct_tag&post=8250"}],"curies":[{"name":"wp","href":"https:\/\/api.w.org\/{rel}","templated":true}]}}