{"id":8265,"date":"2025-11-20T10:42:05","date_gmt":"2025-11-20T07:42:05","guid":{"rendered":"https:\/\/sifaistanbul.com\/?post_type=product&#038;p=8265"},"modified":"2026-04-11T17:19:13","modified_gmt":"2026-04-11T14:19:13","slug":"asgil-kremsigil","status":"publish","type":"product","link":"https:\/\/sifaistanbul.com\/?product=asgil-kremsigil","title":{"rendered":"<center>ASG\u0130L KREM<center>(Si\u011fil)"},"content":{"rendered":"<p>Si\u011fil, HPV vir\u00fcs\u00fcn\u00fcn derinin d\u0131\u015f tabakas\u0131ndaki h\u00fccreleri b\u00fcy\u00fctmesiyle meydana gelen k\u00fc\u00e7\u00fck, taneli ve etli olan iyi huylu deri b\u00fcy\u00fcmeleridir. Genellikle y\u00fcz, el, a\u011f\u0131z ve \u00fcreme organ\u0131 gibi cilt ve mukozalarda g\u00f6r\u00fcl\u00fcr. Ortaya \u00e7\u0131k\u0131\u015f s\u00fcresi birka\u00e7 hafta ile bir y\u0131ldan uzun s\u00fcrelere kadar de\u011fi\u015febilen si\u011filler, HPV tipine, anatomik b\u00f6lgeye ve ki\u015finin ba\u011f\u0131\u015f\u0131kl\u0131k durumuna g\u00f6re de\u011fi\u015fkenlik g\u00f6sterebilir. Etkilenen ortak alanlar aras\u0131nda eller, ayaklar ve genital b\u00f6lgeler bulunur ve si\u011fille v\u00fccudun bir yerinden ba\u015fka bir yerine veya ki\u015fiden ki\u015fiye temas yoluyla yay\u0131labilir.<\/p>\n<p>Si\u011fil olu\u015fumunu tetikleyen fakt\u00f6rler; insan papilloma vir\u00fcs\u00fc (HPV), ba\u011f\u0131\u015f\u0131kl\u0131k sisteminin d\u00fc\u015f\u00fck olmas\u0131, \u00a0kontrols\u00fcz diyetler ve beslenme bozuklu\u011fu, a\u015f\u0131r\u0131 yorgunluk olarak s\u0131ralanabilir.<\/p>\n<p>Asgil, her t\u00fcrl\u00fc si\u011filde etkili, y\u00fcz ve v\u00fccut bak\u0131m kremidir. Ciltte olu\u015fan si\u011fil rahats\u0131zl\u0131klar\u0131n\u0131 giderir, cildin yenilenmesini sa\u011flar. Cildi yumu\u015fat\u0131r ve besler. Uzun s\u00fcreli kullan\u0131ma uygundur.<\/p>\n","protected":false},"excerpt":{"rendered":"<p><strong>\u0130\u00e7indekiler:<\/strong> Kantaron, Fesle\u011fen, K\u0131rlang\u0131\u00e7 Otu, incir Yapra\u011f\u0131, Ekinezya, \u00c7ay A\u011fac\u0131 Ya\u011f\u0131. Net 100 ml.<\/p>\n<p><strong>Kullan\u0131m:<\/strong> Haricen kullan\u0131l\u0131r. G\u00fcnde iki ya da \u00fc\u00e7 kere cilde yedirilerek s\u00fcr\u00fcl\u00fcr. T\u00fcm cilt tiplerine uygundur.<\/p>\n<p><strong>Saklama ko\u015fullar\u0131 ve uyar\u0131lar:<\/strong> G\u00f6ze temas ettirmeyiniz. \u00c7ocuklar\u0131n ula\u015famayaca\u011f\u0131 yerde saklay\u0131n\u0131z. Oda s\u0131cakl\u0131\u011f\u0131nda muhafaza ediniz. \u015e\u0130FAV\u0130<\/p>\n<p><strong>S\u0130PAR\u0130\u015e\u0130N\u0130ZLE \u0130LG\u0130L\u0130 HER T\u00dcRL\u00dc SORULARINIZ \u0130\u00c7\u0130N;<\/strong><\/p>\n<p class=\"western\"><strong>M\u00dc\u015eTER\u0130 TEMS\u0130LC\u0130L\u0130\u011e\u0130\u00a0 \u00a00216 418 34 34<br \/>\n<\/strong><\/p>\n","protected":false},"featured_media":8267,"comment_status":"open","ping_status":"closed","template":"","meta":[],"product_brand":[],"product_cat":[145],"product_tag":[],"class_list":{"0":"post-8265","1":"product","2":"type-product","3":"status-publish","4":"has-post-thumbnail","6":"product_cat-genel","8":"first","9":"instock","10":"sale","11":"downloadable","12":"virtual","13":"purchasable","14":"product-type-simple"},"_links":{"self":[{"href":"https:\/\/sifaistanbul.com\/index.php?rest_route=\/wp\/v2\/product\/8265","targetHints":{"allow":["GET"]}}],"collection":[{"href":"https:\/\/sifaistanbul.com\/index.php?rest_route=\/wp\/v2\/product"}],"about":[{"href":"https:\/\/sifaistanbul.com\/index.php?rest_route=\/wp\/v2\/types\/product"}],"replies":[{"embeddable":true,"href":"https:\/\/sifaistanbul.com\/index.php?rest_route=%2Fwp%2Fv2%2Fcomments&post=8265"}],"wp:featuredmedia":[{"embeddable":true,"href":"https:\/\/sifaistanbul.com\/index.php?rest_route=\/wp\/v2\/media\/8267"}],"wp:attachment":[{"href":"https:\/\/sifaistanbul.com\/index.php?rest_route=%2Fwp%2Fv2%2Fmedia&parent=8265"}],"wp:term":[{"taxonomy":"product_brand","embeddable":true,"href":"https:\/\/sifaistanbul.com\/index.php?rest_route=%2Fwp%2Fv2%2Fproduct_brand&post=8265"},{"taxonomy":"product_cat","embeddable":true,"href":"https:\/\/sifaistanbul.com\/index.php?rest_route=%2Fwp%2Fv2%2Fproduct_cat&post=8265"},{"taxonomy":"product_tag","embeddable":true,"href":"https:\/\/sifaistanbul.com\/index.php?rest_route=%2Fwp%2Fv2%2Fproduct_tag&post=8265"}],"curies":[{"name":"wp","href":"https:\/\/api.w.org\/{rel}","templated":true}]}}